{"id":2219,"date":"2017-08-31T14:18:02","date_gmt":"2017-08-31T12:18:02","guid":{"rendered":"http:\/\/www.emergentberlin.de\/?page_id=2219"},"modified":"2017-09-06T13:10:57","modified_gmt":"2017-09-06T11:10:57","slug":"week-1","status":"publish","type":"page","link":"https:\/\/www.emergentberlinfest.de\/index.php\/week-1\/","title":{"rendered":"Week 1 (4.-8.9.)"},"content":{"rendered":"<h3><span style=\"color: #99cc00;\">Overview<\/span><\/h3>\n<p><strong>4.9. Project Help Session &amp; Open Space @19:00<br \/>\n4.9. Workshop: Making ceramic tiles @ 19:00 &#8211; 22:00<br \/>\n5.9. Project Help Session &amp; Open Space @19:00<br \/>\n5.9. Workshop: Niaria \u2013 Gesundheitsbewusstsein @ 19:00 &#8211; 22:00<br \/>\n6.9. Project Help Session &amp; Open Space @19:00<br \/>\n6.9. Workshop: Human Revolution ARTelier @ 19:30 &#8211; 21:30<br \/>\n6.9. Workshop: Making Up-cycled Chairs with Material Mafia @ 10:30 &#8211; 22:00<br \/>\n7.9. Baumhaus Community Day &amp; The Real Junk Food Project @ 17:30-22:00<br \/>\n7.9. Workshop: How to Build a Mobile Solar System (FULL)<br \/>\n8.9. Project Session: Kollektiv Aktiv @ 19:00 &#8211; 20:00<br \/>\n8.9. Workshop: Bildet Banden! Und wenn es knirrscht? @ 18:30 &#8211; 20:30<br \/>\n8.9. Teilen statt Tauschen &#8211; der erste Berliner Umsonstzug @21:00-22:00<\/strong><\/p>\n<p><em><strong>* Project Help Sessions <\/strong>We have time for 2 projects to do a (max) 15 minute presentation of what they are doing and what they need help with.\u00a0 Then everyone in the room is free to join in as we split into smaller groups and help the projects.\u00a0 We will also briefly report our results to each other.\u00a0 If you are a moderators, coach or facilitator and would like to contribute your skills then just show up and let us know who you are before we start. &#8211; These sessions are like a really long moderated coffee break so feel free to move about the space and engage however you like!<br \/>\n* <strong>Workshops <\/strong>Most workshops will take place in our workshop room in the back of the space unless otherwise noted.<br \/>\n* <strong>Contributions at the Door<\/strong>\u00a0 &#8211; Pay as you feel between \u20ac3 &#8211; \u20ac8, all proceeds go towards keeping the doors of Baumhaus open and the impact growing&#8230; Thanks!<\/em><\/p>\n<h3><span style=\"color: #99cc00;\">Monday 4.9.<\/span><\/h3>\n<p><strong>Project Help Session #1 &amp; Open Space @19:00<\/strong><\/p>\n<p>\u2022 Project 1, <a href=\"http:\/\/www.baumhausberlin.de\/en\/\" target=\"_blank\">Das Baumhaus<\/a> &#8211; A project and event space for all things sustainable.\u00a0 There are many ways we can use some good help and plenty collaborations we are looking forward to developing.<\/p>\n<p>\u2022 Project 2, TBD &#8211; if no one claims the spot, then it is open for spontaneous participation.\u00a0 <a href=\"https:\/\/docs.google.com\/forms\/d\/e\/1FAIpQLSfHokY2GP6SRQ7EZYftq-8XTcfRWDv70xwbIrVisKgsyveeHA\/viewform\" target=\"_blank\">Let us know if your project needs help, the open call is still open<\/a>.<\/p>\n<p><strong>Workshop : Making ceramic tiles with Suzanne van Rissenbeck 19:00 &#8211; 22:00<\/strong><\/p>\n<p><a href=\"http:\/\/www.emergentberlinfest.de\/wp-content\/uploads\/2017\/08\/IMG_5090.jpg\"><img loading=\"lazy\" decoding=\"async\" class=\"alignleft wp-image-2265 size-large\" src=\"http:\/\/www.emergentberlinfest.de\/wp-content\/uploads\/2017\/08\/IMG_5090-1024x683.jpg\" alt=\"IMG_5090\" width=\"660\" height=\"440\" srcset=\"https:\/\/www.emergentberlinfest.de\/wp-content\/uploads\/2017\/08\/IMG_5090-1024x683.jpg 1024w, https:\/\/www.emergentberlinfest.de\/wp-content\/uploads\/2017\/08\/IMG_5090-300x200.jpg 300w\" sizes=\"auto, (max-width: 660px) 100vw, 660px\" \/><\/a><\/p>\n<p>Stop by at anytime during the evening, sit down and get ready to get your hands messy and wake up your playful creativity.\u00a0 Suzanne will select tiles from this workshop to be part of a permanent installation she is doing at Baumhaus.<\/p>\n<h3><span style=\"color: #99cc00;\">Tuesday 5.9.<\/span><\/h3>\n<p><strong>Project Help Session (<em>open!<\/em>) @19:00<\/strong><\/p>\n<p>\u2022 Project 1, TBD &#8211; if no one claims the spot, then it is open for spontaneous participation. <a href=\"https:\/\/docs.google.com\/forms\/d\/e\/1FAIpQLSfHokY2GP6SRQ7EZYftq-8XTcfRWDv70xwbIrVisKgsyveeHA\/viewform\" target=\"_blank\">Let us know if your project needs help, the open call is still open<\/a>.<\/p>\n<p>\u2022 Project 2, TBD &#8211; if no one claims the spot, then it is open for spontaneous participation. <a href=\"https:\/\/docs.google.com\/forms\/d\/e\/1FAIpQLSfHokY2GP6SRQ7EZYftq-8XTcfRWDv70xwbIrVisKgsyveeHA\/viewform\" target=\"_blank\">Let us know if your project needs help, the open call is still open<\/a>.<\/p>\n<p><strong>Workshop : \u00a0Niaria \u2013 Gesundheitsbewusstsein mit Linh Le 19:00 &#8211; 22:00<\/strong><\/p>\n<p>Ern\u00e4hrungs-Workshops &#8211; <a href=\"https:\/\/linktr.ee\/niaria\">https:\/\/linktr.ee\/niaria<\/a><\/p>\n<p><a href=\"http:\/\/www.emergentberlinfest.de\/wp-content\/uploads\/2017\/08\/NIaria-Feijoas-mit-Logo.jpeg\"><img loading=\"lazy\" decoding=\"async\" class=\"alignleft wp-image-2266 size-medium\" src=\"http:\/\/www.emergentberlinfest.de\/wp-content\/uploads\/2017\/08\/NIaria-Feijoas-mit-Logo-300x300.jpeg\" alt=\"NIaria - Feijoas mit Logo\" width=\"300\" height=\"300\" srcset=\"https:\/\/www.emergentberlinfest.de\/wp-content\/uploads\/2017\/08\/NIaria-Feijoas-mit-Logo-300x300.jpeg 300w, https:\/\/www.emergentberlinfest.de\/wp-content\/uploads\/2017\/08\/NIaria-Feijoas-mit-Logo-150x150.jpeg 150w, https:\/\/www.emergentberlinfest.de\/wp-content\/uploads\/2017\/08\/NIaria-Feijoas-mit-Logo.jpeg 480w\" sizes=\"auto, (max-width: 300px) 100vw, 300px\" \/><\/a><\/p>\n<h3><span style=\"color: #99cc00;\">Wednesday 6.9.<\/span><\/h3>\n<p><strong>Project Help Session #3 &amp; Open Space @19:00<\/strong><\/p>\n<p>\u2022 Project 1, TBD &#8211; if no one claims the spot, then it is open for spontaneous participation. <a href=\"https:\/\/docs.google.com\/forms\/d\/e\/1FAIpQLSfHokY2GP6SRQ7EZYftq-8XTcfRWDv70xwbIrVisKgsyveeHA\/viewform\" target=\"_blank\">Let us know if your project needs help, the open call is still open<\/a>.<\/p>\n<p>\u2022 Project 2, TBD &#8211; if no one claims the spot, then it is open for spontaneous participation. <a href=\"https:\/\/docs.google.com\/forms\/d\/e\/1FAIpQLSfHokY2GP6SRQ7EZYftq-8XTcfRWDv70xwbIrVisKgsyveeHA\/viewform\" target=\"_blank\">Let us know if your project needs help, the open call is still open<\/a>.<\/p>\n<p><strong>Workshop 1 : Ana Chandra &#8211; Human Revolution ARTelier &#8211; Play and Create 19:30 &#8211; 21:30<\/strong><\/p>\n<p><a href=\"http:\/\/www.emergentberlinfest.de\/wp-content\/uploads\/2017\/08\/Chandra.jpg\"><img loading=\"lazy\" decoding=\"async\" class=\"alignleft size-large wp-image-2268\" src=\"http:\/\/www.emergentberlinfest.de\/wp-content\/uploads\/2017\/08\/Chandra-1024x683.jpg\" alt=\"Chandra\" width=\"660\" height=\"440\" srcset=\"https:\/\/www.emergentberlinfest.de\/wp-content\/uploads\/2017\/08\/Chandra-1024x683.jpg 1024w, https:\/\/www.emergentberlinfest.de\/wp-content\/uploads\/2017\/08\/Chandra-300x200.jpg 300w, https:\/\/www.emergentberlinfest.de\/wp-content\/uploads\/2017\/08\/Chandra.jpg 2048w\" sizes=\"auto, (max-width: 660px) 100vw, 660px\" \/><\/a><\/p>\n<p>This work is about having while you develop yourself as a Human Being. We open a context and provide the possibility to stimulate Positive Change, Health and Life Quality, through a playfulness path. We use tools as: &#8211; ART as an universal language, beyond borders, cultures, traditions or pre-concepts. &#8211; Music, Dance, Writing, Theatre and Painting are some of the explored mediators. &#8211; PLAY is a state of being. Each moment you can choose: embrace life, or go against it. PLAY Life. &#8211; JOY in overcoming the challenges. Together we can decide what to do&#8230;<\/p>\n<p><strong>Workshop 2 : Making Up-cycled Chairs from Tetrapaks\u00a0 with Material Mafia 10:30 &#8211; 22:00<\/strong><\/p>\n<p><a href=\"http:\/\/www.emergentberlinfest.de\/wp-content\/uploads\/2017\/08\/Screen-Shot-2017-09-01-at-22.02.09.png\"><img loading=\"lazy\" decoding=\"async\" class=\" size-full wp-image-2271 aligncenter\" src=\"http:\/\/www.emergentberlinfest.de\/wp-content\/uploads\/2017\/08\/Screen-Shot-2017-09-01-at-22.02.09.png\" alt=\"Screen Shot 2017-09-01 at 22.02.09\" width=\"457\" height=\"585\" srcset=\"https:\/\/www.emergentberlinfest.de\/wp-content\/uploads\/2017\/08\/Screen-Shot-2017-09-01-at-22.02.09.png 457w, https:\/\/www.emergentberlinfest.de\/wp-content\/uploads\/2017\/08\/Screen-Shot-2017-09-01-at-22.02.09-234x300.png 234w\" sizes=\"auto, (max-width: 457px) 100vw, 457px\" \/><\/a><\/p>\n<p>It takes around 50 empty milk or juice containers to make just 1 stool so here is an up-cycling project with a long term waste stream that can be utilized for long term purposes.\u00a0 We will work together to construct stools and even start to prototype the washable covers that make the stool look like a mushroom.<\/p>\n<blockquote class=\"wp-embedded-content\" data-secret=\"HDroPBe880\"><p><a href=\"https:\/\/www.material-mafia.net\/\">Material Mafia<\/a><\/p><\/blockquote>\n<p><iframe loading=\"lazy\" class=\"wp-embedded-content\" sandbox=\"allow-scripts\" security=\"restricted\" style=\"position: absolute; visibility: hidden;\" title=\"&#8222;Material Mafia&#8220; &#8212; Material Mafia\" src=\"https:\/\/www.material-mafia.net\/embed\/#?secret=9gP5sLrAG0#?secret=HDroPBe880\" data-secret=\"HDroPBe880\" width=\"600\" height=\"338\" frameborder=\"0\" marginwidth=\"0\" marginheight=\"0\" scrolling=\"no\"><\/iframe><\/p>\n<h3><span style=\"color: #99cc00;\">Thursday 7.9.<\/span><\/h3>\n<p><strong>17:30-22:00 Baumhaus Community Day &amp; The Real Junk Food Project (DE\/EN)<\/strong><\/p>\n<p><a href=\"http:\/\/www.emergentberlinfest.de\/wp-content\/uploads\/2017\/08\/IMG_5163.jpg\"><img loading=\"lazy\" decoding=\"async\" class=\"alignleft size-large wp-image-2269\" src=\"http:\/\/www.emergentberlinfest.de\/wp-content\/uploads\/2017\/08\/IMG_5163-1024x683.jpg\" alt=\"IMG_5163\" width=\"660\" height=\"440\" srcset=\"https:\/\/www.emergentberlinfest.de\/wp-content\/uploads\/2017\/08\/IMG_5163-1024x683.jpg 1024w, https:\/\/www.emergentberlinfest.de\/wp-content\/uploads\/2017\/08\/IMG_5163-300x200.jpg 300w\" sizes=\"auto, (max-width: 660px) 100vw, 660px\" \/><\/a><\/p>\n<p>Stop by and volunteer to help cook starting at 17:00 come at 19:00 for our open networking evening and stay late for our Improvisational Groove Orchestra jam session&#8230;<\/p>\n<p><strong>\u00a018:00-20:00 \u00a0Workshop: How to Build a Mobile Solar System <\/strong>(AUSGEBUCHT \/ FULLY BOOKED)<\/p>\n<p><a href=\"http:\/\/www.emergentberlinfest.de\/wp-content\/uploads\/2017\/08\/solar-workshop.jpg\"><img loading=\"lazy\" decoding=\"async\" class=\"alignleft size-full wp-image-2273\" src=\"http:\/\/www.emergentberlinfest.de\/wp-content\/uploads\/2017\/08\/solar-workshop.jpg\" alt=\"solar workshop\" width=\"425\" height=\"319\" srcset=\"https:\/\/www.emergentberlinfest.de\/wp-content\/uploads\/2017\/08\/solar-workshop.jpg 425w, https:\/\/www.emergentberlinfest.de\/wp-content\/uploads\/2017\/08\/solar-workshop-300x225.jpg 300w\" sizes=\"auto, (max-width: 425px) 100vw, 425px\" \/><\/a><a href=\"https:\/\/www.facebook.com\/Solar-Cinema-Kinotastik-470111153062203\/\" data-hovercard=\"\/ajax\/hovercard\/page.php?id=470111153062203&amp;extragetparams=%7B%22directed_target_id%22%3A160721597829797%7D\" data-hovercard-prefer-more-content-show=\"1\">Solar Cinema Kinotastik<\/a> betreibt ein mobiles Kino, dass autark nur mit der Energie der Sonne funktioniert. Im Workshop zeigen Euch die Macher*innen, wie ihr ein mobiles Solarsystem im Nu selbst realisieren k\u00f6nnt. @Himmelbeet (Ruheplatzstr. 12, 13347 Berlin, Germany) <strong><br \/>\n<\/strong>Anmeldung bitte per E-Mail an: rosenthalsonja@himmel<wbr \/>beet.de<\/p>\n<h3><span style=\"color: #99cc00;\">Friday 8.9.<\/span><\/h3>\n<p><strong>19:00-20:00 Project Presentation \/ Workshop: &#8220;Kollektiv Aktiv&#8221;<br \/>\n<\/strong><\/p>\n<p><a href=\"https:\/\/kollektiv-aktiv.de\/\">Kollektiv Aktiv<\/a> is an online platform (not launched yet) connecting people committed to social, political or ecological projects. On the one hand, people who\u2019d like to get involved can search for interesting projects in their town\/region. On the other hand, projects can look for like-minded people with specific skills, e.g. web design or fundraising. &#8211; Get to know our platform Kollektiv Aktiv with a hands-on workshop where we aim to match skills, projects and people..<\/p>\n<p><strong>18:30-20:30 Workshop: Bildet Banden! Und wenn es knirrscht?<\/strong><\/p>\n<p>Platz f\u00fcr Konflikte machen&#8230;. In diesem Workshop erfahren und reflektieren wir uns unsere eigene Haltung in Konfliktsituationen, und machen \u00dcbungen, um unsere Handlungsf\u00e4higkeit zu erh\u00f6hen &#8211; damit die Selbstorganisation in Gruppen uns eher st\u00e4rkt als zerren.<\/p>\n<p>Ich heisse Jessica Ward und biete Prozessbegleitung f\u00fcr Menschen in unterschiedlichen Konstellationen an: Einzelsitzungen, Kl\u00e4rung f\u00fcr zwei, Gruppenbegleitung. Es geht mir jeweils darum einen Raum zu schaffen, in dem Menschen sich mit Ehrlichkeit und Respekt begegnen. Mein Wunsch f\u00fcr Gruppen ist, dass sie Platz f\u00fcr Unterschiede und Spannungen machen k\u00f6nnen, eher als sich daran zu zerfasern.<\/p>\n<p>Mehr unter <a href=\"http:\/\/www.skillsforgroups.org\">www.skillsforgroups.org<\/a><\/p>\n<p><strong>21:00-22:00 <strong>Teilen statt Tauschen &#8211; der erste Berliner Umsonstzug<\/strong><\/strong><\/p>\n<p>Kannst du mir etwas geben, ohne etwas zur\u00fcckfordern zu m\u00fcssen? Wenn du mir ohne Gegenleistung etwas gibst, gibst du dann etwas auf? Oder gibst du dich der Beziehung hin? Gibt es die Gabe der Empf\u00e4ngnis? Wie m\u00f6chten wir Beziehung gestalten &#8211; in Gegenseitigkeit (tauschen) oder in Gemeinschaft (teilen)?<\/p>\n<p>Wir leben auf einer Erde. Diese teilen wir. Mit den Ressourcen dieser Erde gehen wir allerdings anders um: Wir beuten sie aus; wir schlie\u00dfen andere von der Benutzung aus; wir erzeugen Zwangssystem f\u00fcr Notwendiges; wir tauschen.<\/p>\n<p>In meiner Promotion in Wirtschaftswissenschaften untersuche ich &#8220;F\u00f6rderm\u00f6glichkeiten von Beziehungen, in denen Menschen teilen&#8221;. Hierzu m\u00f6chte ich ca. 20 Minuten Einblicke geben.<br \/>\nAnschlie\u00dfend m\u00f6chte ich gerne \u00fcber den ersten Umsonstzug in Berlin sprechen, den wir zum Ende der Cob1 verwirklichen k\u00f6nnten.<br \/>\nN\u00e4here Info&#8217;s zur Vorbereitung des Umsonstzugs gibt&#8217;s hier:\u00a0<a href=\"https:\/\/pad.disroot.org\/p\/Umsonstzug_Berlin\">https:\/\/pad.disroot.org\/p\/Umsonstzug_Berlin<\/a><\/p>\n","protected":false},"excerpt":{"rendered":"<p>Overview 4.9. Project Help Session &amp; Open Space @19:00 4.9. Workshop: Making ceramic tiles @ 19:00 &#8211; 22:00 5.9. Project Help Session &amp; Open Space @19:00 5.9. Workshop: Niaria \u2013 Gesundheitsbewusstsein @ 19:00 &#8211; 22:00 6.9. Project Help Session &amp; Open Space @19:00 6.9. Workshop: Human Revolution ARTelier @ 19:30 &#8211; 21:30 6.9. Workshop: Making &hellip; <a href=\"https:\/\/www.emergentberlinfest.de\/index.php\/week-1\/\" class=\"more-link\">Continue reading <span class=\"screen-reader-text\">Week 1 (4.-8.9.)<\/span><\/a><\/p>\n","protected":false},"author":1,"featured_media":0,"parent":0,"menu_order":0,"comment_status":"closed","ping_status":"open","template":"","meta":{"footnotes":""},"class_list":["post-2219","page","type-page","status-publish","hentry"],"_links":{"self":[{"href":"https:\/\/www.emergentberlinfest.de\/index.php\/wp-json\/wp\/v2\/pages\/2219","targetHints":{"allow":["GET"]}}],"collection":[{"href":"https:\/\/www.emergentberlinfest.de\/index.php\/wp-json\/wp\/v2\/pages"}],"about":[{"href":"https:\/\/www.emergentberlinfest.de\/index.php\/wp-json\/wp\/v2\/types\/page"}],"author":[{"embeddable":true,"href":"https:\/\/www.emergentberlinfest.de\/index.php\/wp-json\/wp\/v2\/users\/1"}],"replies":[{"embeddable":true,"href":"https:\/\/www.emergentberlinfest.de\/index.php\/wp-json\/wp\/v2\/comments?post=2219"}],"version-history":[{"count":21,"href":"https:\/\/www.emergentberlinfest.de\/index.php\/wp-json\/wp\/v2\/pages\/2219\/revisions"}],"predecessor-version":[{"id":2282,"href":"https:\/\/www.emergentberlinfest.de\/index.php\/wp-json\/wp\/v2\/pages\/2219\/revisions\/2282"}],"wp:attachment":[{"href":"https:\/\/www.emergentberlinfest.de\/index.php\/wp-json\/wp\/v2\/media?parent=2219"}],"curies":[{"name":"wp","href":"https:\/\/api.w.org\/{rel}","templated":true}]}}