{"id":2229,"date":"2017-08-31T14:21:46","date_gmt":"2017-08-31T12:21:46","guid":{"rendered":"http:\/\/www.emergentberlin.de\/?page_id=2229"},"modified":"2017-09-11T13:08:40","modified_gmt":"2017-09-11T11:08:40","slug":"week-2","status":"publish","type":"page","link":"https:\/\/www.emergentberlinfest.de\/index.php\/week-2\/","title":{"rendered":"Week 2 (11.-15.9.)"},"content":{"rendered":"<h3><span style=\"color: #99cc00;\">Overview<\/span><\/h3>\n<p>11.9.<strong>\u00a0 Infoabend #1: Mitmachen bei der COB1 &#8211; DE @20:00-22:00<br \/>\n<\/strong>12.9.<strong>\u00a0 Emergent Concert and Language Exchange &#8211; DE\/EN @ 19:00-22:00<br \/>\n<\/strong>12.9.<strong>\u00a0 Gestalt Awareness Practice and Social Change &#8211; @ 19:00-22:00<\/strong><br \/>\n13.9.<strong>\u00a0 Selbstbestimmte Bildung f\u00fcr alle? Ein Austauschabend zu Zugangsbarrieren non-konformer und selbstorganisierter Bildung (Wandelwoche) &#8211; DE\/EN @ 19:00-22:00<br \/>\n<\/strong>14.9.<strong>\u00a0 Baumhaus Community Day &amp; The Real Junk Food Project &#8211; DE\/EN @ 17:30-22:00<br \/>\n<\/strong>14.9.<strong>\u00a0 Spaziergang &amp; F\u00fchrung \/ walk to local coffee roastery &#8220;Flying Roasters&#8221; &#8211; DE\/EN @ 16:00-17:00<br \/>\n<\/strong>14.9.<strong>\u00a0 Audio for 360 Videos and Virtual Reality &#8211; EN @18:45-20:00<br \/>\n<\/strong>15.9.<strong>\u00a0 Workshop &#8220;Crochet Basic Stitches&#8221; &#8211; EN @18:30-20:30<\/strong><\/p>\n<p><span class=\"_4n-j _3cht fsl\" data-testid=\"event-permalink-details\"><span class=\"text_exposed_show\">*All events are \u20ac3 &#8211; \u20ac8 entrance at the door. Pay as you feel :), everything goes towards keeping the Baumhaus open and active!<\/span><\/span><\/p>\n<p>**Feel free to bring healthy snacks to share if you like!<\/p>\n<h3><span style=\"color: #99cc00;\">Monday 11.9.<br \/>\n<\/span><\/h3>\n<p>20:00-22:00<strong> Infoabend #1: Mitmachen bei der COB1 &#8211; DE<\/strong><\/p>\n<p><a href=\"http:\/\/www.emergentberlinfest.de\/wp-content\/uploads\/2017\/08\/COB1.jpg\"><img loading=\"lazy\" decoding=\"async\" class=\"alignleft size-large wp-image-2302\" src=\"http:\/\/www.emergentberlinfest.de\/wp-content\/uploads\/2017\/08\/COB1-1024x447.jpg\" alt=\"COB1\" width=\"660\" height=\"288\" srcset=\"https:\/\/www.emergentberlinfest.de\/wp-content\/uploads\/2017\/08\/COB1-1024x447.jpg 1024w, https:\/\/www.emergentberlinfest.de\/wp-content\/uploads\/2017\/08\/COB1-300x131.jpg 300w, https:\/\/www.emergentberlinfest.de\/wp-content\/uploads\/2017\/08\/COB1.jpg 1499w\" sizes=\"auto, (max-width: 660px) 100vw, 660px\" \/><\/a><\/p>\n<p>Parallel zur Weltklimakonferenz in Bonn COP23 starten wir unsere eigene Konferenzserie f\u00fcr die Transformation zur Nachhaltigkeit in Berlin: die Conference of Berlin (COB).<\/p>\n<p>Die COB1 ist Ansto\u00df und Plattform f\u00fcr Vernetzung, Austausch und lokale Strategie von Stadtbewohner*innen und lokalen Projekten. Alle sozial und \u00f6kologisch engagierten Berliner*innen sind eingeladen, selbstorganisiert mitzumachen&#8230; Wo stehen wir? Wie k\u00f6nnen wir sozial-\u00f6kologischen Wandel weiter vorantreiben, angesichts von Klimawandel und Rechtsruck? Was k\u00f6nnen wir hier in Berlin in den n\u00e4chsten Jahren konkret tun?<\/p>\n<p>Kommt vorbei zum ersten Infoabend in gem\u00fctlicher Atmosph\u00e4re im Baumhaus-Projektraum. Wir stellen das Konzept und unser kleines B\u00fcndnis vor, und wie ihr euch beteiligen k\u00f6nnt. Die COB1 wird das, was wir alle daraus machen.<\/p>\n<p>Wir freuen uns auf Euch, euer Feedback &amp; Ideen!<\/p>\n<h3><span style=\"color: #99cc00;\">Tuesday 12.9.<\/span><\/h3>\n<p>19:00-22:00<strong> Emergent Concert and Language Exchange &#8211; DE\/EN<\/strong><\/p>\n<p><a href=\"http:\/\/www.emergentberlinfest.de\/wp-content\/uploads\/2017\/08\/Persian-Tar.jpg\"><img loading=\"lazy\" decoding=\"async\" class=\"alignleft size-large wp-image-2303\" src=\"http:\/\/www.emergentberlinfest.de\/wp-content\/uploads\/2017\/08\/Persian-Tar-1024x577.jpg\" alt=\"Persian Tar\" width=\"660\" height=\"372\" srcset=\"https:\/\/www.emergentberlinfest.de\/wp-content\/uploads\/2017\/08\/Persian-Tar-1024x577.jpg 1024w, https:\/\/www.emergentberlinfest.de\/wp-content\/uploads\/2017\/08\/Persian-Tar-300x169.jpg 300w, https:\/\/www.emergentberlinfest.de\/wp-content\/uploads\/2017\/08\/Persian-Tar.jpg 1136w\" sizes=\"auto, (max-width: 660px) 100vw, 660px\" \/><\/a><\/p>\n<p>Emergence is the process of a collective intelligence forming, existing and influencing the present moment. Music and language will be the catalysts for creating the interwoven series of feedback loops building the fabric of now&#8230;<\/p>\n<p>Tonight&#8217;s Emergent Sound Curation by:<br \/>\nSkizum (turntables and dub station) &amp;<br \/>\n\u015eafak Velio\u011flu (Persian Tar and vocals)<br \/>\n&amp; Special Guests<\/p>\n<p><strong>+ Language Exchange<\/strong><\/p>\n<p><strong><img decoding=\"async\" class=\"spotlight\" src=\"https:\/\/scontent.ftxl1-1.fna.fbcdn.net\/v\/t31.0-8\/21427120_1340334379412798_2338403192105226488_o.jpg?oh=21fbaa782bc2503d9eece45a9e478db0&amp;oe=5A4EA556\" alt=\"Image may contain: 2 people, people standing and indoor\" \/><\/strong><\/p>\n<p>The best way to learn any language is to jump in and just start speaking, writing and listening! That&#8217;s what this event is all about.\u00a0 The focus is on improving our German language skills&#8230;<br \/>\n<span class=\"text_exposed_show\"><br \/>\n<\/span><\/p>\n<p>19:00-22:00<strong> Gestalt Awareness Practice and Social Change (EN)<br \/>\n<\/strong><\/p>\n<p><a href=\"http:\/\/www.emergentberlinfest.de\/wp-content\/uploads\/2017\/08\/Gestalt-2.jpg\"><img loading=\"lazy\" decoding=\"async\" class=\"alignleft size-full wp-image-2306\" src=\"http:\/\/www.emergentberlinfest.de\/wp-content\/uploads\/2017\/08\/Gestalt-2.jpg\" alt=\"Gestalt 2\" width=\"818\" height=\"749\" srcset=\"https:\/\/www.emergentberlinfest.de\/wp-content\/uploads\/2017\/08\/Gestalt-2.jpg 818w, https:\/\/www.emergentberlinfest.de\/wp-content\/uploads\/2017\/08\/Gestalt-2-300x275.jpg 300w\" sizes=\"auto, (max-width: 818px) 100vw, 818px\" \/><\/a><\/p>\n<p><span class=\"_4n-j _3cht fsl\" data-testid=\"event-permalink-details\">This session is offered to people who want to raise their awareness in the here and now with regard to how they exist, relate, act, think about themselves (microlevel) and to-with each other (macrolevel). Developing awareness in the here and now can be used as a basic self help and therapeutic tool.<\/span><\/p>\n<p><span class=\"_4n-j _3cht fsl\" data-testid=\"event-permalink-details\">We will use exercises, games, gestalt therapy and awareness process to trigger and enter to wh<span class=\"text_exposed_show\">at is here and now our experience and be able to share it with each other \u2013 a process that can roll from comfort to discomfort, to be honest.<\/span><\/span><\/p>\n<p><span class=\"_4n-j _3cht fsl\" data-testid=\"event-permalink-details\"><span class=\"text_exposed_show\">This workshop is offered by Maira Kountanni<br \/>\nFor more info visit: <a href=\"http:\/\/gestalt-awareness.com\/en\/\" target=\"_blank\" rel=\"nofollow\" data-lynx-mode=\"async\" data-lynx-uri=\"https:\/\/l.facebook.com\/l.php?u=http%3A%2F%2Fgestalt-awareness.com%2Fen%2F&amp;h=ATNHK7biwJTIErOe78iGf3H6J7AZOY_TRfcScUjaxQ2WxmUy_kCRLgfP1zX8fBGinut7l-103QAo6WmV-iyYZY2_1IwqmamWFJufePJ7dhwOAnxACOa41lS-JveVupjbzmz2kXknUW0IPym0kqc3FU22Z3CufxsRRejtUGj_1jopmBKWkFfc\">http:\/\/<wbr \/>gestalt-awareness.com\/en\/<\/a><\/span><\/span><\/p>\n<h3><span style=\"color: #99cc00;\">Wednesday 13.9.<\/span><\/h3>\n<p class=\"tribe-events-single-event-title\">19:00-22:00<strong> Selbstbestimmte Bildung f\u00fcr alle? Ein Austauschabend zu Zugangsbarrieren non-konformer und selbstorganisierter Bildung (Wandelwoche) &#8211; DE\/EN<br \/>\n<\/strong><\/p>\n<p><img loading=\"lazy\" decoding=\"async\" class=\"alignleft size-full wp-image-2279\" src=\"http:\/\/www.emergentberlinfest.de\/wp-content\/uploads\/2017\/08\/21230902_1267275753398004_4048494992830743412_n.jpg\" alt=\"21230902_1267275753398004_4048494992830743412_n\" width=\"415\" height=\"248\" srcset=\"https:\/\/www.emergentberlinfest.de\/wp-content\/uploads\/2017\/08\/21230902_1267275753398004_4048494992830743412_n.jpg 415w, https:\/\/www.emergentberlinfest.de\/wp-content\/uploads\/2017\/08\/21230902_1267275753398004_4048494992830743412_n-300x179.jpg 300w\" sizes=\"auto, (max-width: 415px) 100vw, 415px\" \/><\/p>\n<p>DE<br \/>\nFreilerner*innen-Bewegung, freie Schulen, Kinderl\u00e4den, selbstverwaltete Weiterbildungs-angebote, Walddorfschulen, private Hochschulen u.v.m. \u2013 die Kritik am klassischen Bildungs- und Erziehungssystem, bringt eine F\u00fclle an alternativen Lernorten hervor. H\u00e4ufig sind die Alternativen zum klassischen Bildungssystem jedoch mit Einstiegsh\u00fcrden verbunden. Zu wei\u00df, zu teuer, aufbauend auf hohen Voraussetzungen an sozialem und \u00f6konomischem Kapital und andere Kritik m\u00f6chten wir mit P\u00e4dagog*innen, Sozialarbeiter*innen, Lernenden, Interessierten u.a. diskutieren. Welche Zugangsbarrieren bestehen und wie kann der Zugang zu selbstbestimmter und -organisierter Bildung f\u00fcr mehr Menschen gew\u00e4hrleistet werden? &#8211; Ein informeller Austausch mit Essen und Getr\u00e4nken, kleineren Diskussionsrunden, Vorstellung einzelner Ideen und Ans\u00e4tze und gemeinsamen Abschlussgespr\u00e4ch. Los gehts ab 19 Uhr, kommt gerne auch sp\u00e4ter dazu.<\/p>\n<p>EN<br \/>\nHomeschooling, community-run schools, the kinderladen movement, self-organized trainings, Waldorf schools, private universities \u2026 \u2013 the critique of the conventional education system has brought up a wide range of alternative forms of learning.<br \/>\nBut these alternatives often involve barriers to participation and obstacles for many people. \u201eWhite-dominated, too expensive, based on high requirements regarding social and economic capital\u201c \u2013 we want to discuss these and other points of criticism together with pedagogues, social workers, learners and everyone who\u2018s interested in \u201aopen education\u2018. Which obstacles exist and how can self-determined and self-organized models of education become more accessible? &#8211; We want to create an open space for exchanging ideas about these questions and for presenting concepts how to reflect and reduce these exclusive mechanisms. Starting at 7 p.m. You can also join later.<\/p>\n<h3><span style=\"color: #99cc00;\">Thursday 14.9.<\/span><\/h3>\n<p>17:30-22:00<strong> Baumhaus Community Day &amp; The Real Junk Food Project (DE\/EN)<br \/>\n<\/strong><\/p>\n<p><a href=\"http:\/\/www.emergentberlinfest.de\/wp-content\/uploads\/2017\/08\/IMG_5163.jpg\"><img loading=\"lazy\" decoding=\"async\" class=\"alignleft size-large wp-image-2269\" src=\"http:\/\/www.emergentberlinfest.de\/wp-content\/uploads\/2017\/08\/IMG_5163-1024x683.jpg\" alt=\"IMG_5163\" width=\"660\" height=\"440\" srcset=\"https:\/\/www.emergentberlinfest.de\/wp-content\/uploads\/2017\/08\/IMG_5163-1024x683.jpg 1024w, https:\/\/www.emergentberlinfest.de\/wp-content\/uploads\/2017\/08\/IMG_5163-300x200.jpg 300w\" sizes=\"auto, (max-width: 660px) 100vw, 660px\" \/><\/a><\/p>\n<p>Stop by and volunteer to help cook starting at 17:00 come at 19:00 for our open networking evening and stay late for our Improvisational Groove Orchestra jam session&#8230;<\/p>\n<p>16:00-17:00<strong> Spaziergang &amp; F\u00fchrung \/ walk to local coffee roastery &#8220;Flying Roasters&#8221; &#8211; DE\/EN <\/strong>(Treffpunkt \/ meeting point: Baumhaus)<\/p>\n<p><img loading=\"lazy\" decoding=\"async\" class=\"alignleft wp-image-2278 size-medium\" src=\"http:\/\/www.emergentberlinfest.de\/wp-content\/uploads\/2017\/08\/roestkollektiv-300x300.jpg\" alt=\"roestkollektiv\" width=\"300\" height=\"300\" srcset=\"https:\/\/www.emergentberlinfest.de\/wp-content\/uploads\/2017\/08\/roestkollektiv-300x300.jpg 300w, https:\/\/www.emergentberlinfest.de\/wp-content\/uploads\/2017\/08\/roestkollektiv-150x150.jpg 150w, https:\/\/www.emergentberlinfest.de\/wp-content\/uploads\/2017\/08\/roestkollektiv-1024x1024.jpg 1024w, https:\/\/www.emergentberlinfest.de\/wp-content\/uploads\/2017\/08\/roestkollektiv.jpg 2000w\" sizes=\"auto, (max-width: 300px) 100vw, 300px\" \/>DE Flying Roasters ist eine Kaffeer\u00f6sterei aus Berlin. Wir arbeiten als Kollektiv und erproben t\u00e4glich den Br\u00fcckenschlag zwischen sozialem Anspruch und Qualit\u00e4t. Wir haben keinen Chef, treffen wichtige Entscheidungen gemeinsam, zahlen Einheitslohn und tragen auch die Verantwortung gemeinsam. Unsere Preisgestaltung und Struktur legen wir offen.<\/p>\n<p>EN Flying Roasters is a coffee roastery in Berlin that pays the closest attention to both ethical standards and the quality of their product. The roastery works in collaboration with all of its producers and suppliers. It is this relationship which allows them to guarantee ethical conditions at each stage of supply: from cultivation and harvesting to the customer in Berlin.<\/p>\n<p>www.flyingroasters.de<\/p>\n<p>18:45-20:00<strong> Audio for 360 Videos and Virtual Reality &#8211; (EN)<\/strong><\/p>\n<p><a href=\"http:\/\/www.emergentberlinfest.de\/wp-content\/uploads\/2017\/08\/VR.jpg\"><img loading=\"lazy\" decoding=\"async\" class=\"alignleft size-large wp-image-2304\" src=\"http:\/\/www.emergentberlinfest.de\/wp-content\/uploads\/2017\/08\/VR-1024x606.jpg\" alt=\"VR\" width=\"660\" height=\"391\" srcset=\"https:\/\/www.emergentberlinfest.de\/wp-content\/uploads\/2017\/08\/VR-1024x606.jpg 1024w, https:\/\/www.emergentberlinfest.de\/wp-content\/uploads\/2017\/08\/VR-300x178.jpg 300w, https:\/\/www.emergentberlinfest.de\/wp-content\/uploads\/2017\/08\/VR.jpg 1263w\" sizes=\"auto, (max-width: 660px) 100vw, 660px\" \/><\/a><\/p>\n<p>Immerse yourself in the world of Virtual Reality and 360 video by joining us at the Baumhaus Berlin this Thursday for a presentation by Billy Mello.<\/p>\n<p>Billy Mello, Sound Designer, Musical Engineer and International DJ, will be talking about one of the most important parts of the Virtual Reality experience, the Audio. He will be sharing his expertise on how to record, create, use and deliver mesmerizing tracks. Participants will also have the opportunity to discover Billy\u2019s latest art project and try-out a couple of Virtual Reality sets.<strong><br \/>\n<\/strong><\/p>\n<h3><span style=\"color: #99cc00;\">Friday 15.9.<br \/>\n<\/span><\/h3>\n<p>18:30-20:30<strong> Workshop &#8220;Crochet Basic Stitches&#8221; &#8211; (EN)<br \/>\n<\/strong><strong><br \/>\n<a href=\"http:\/\/www.emergentberlinfest.de\/wp-content\/uploads\/2017\/08\/Crochet.jpg\"><img loading=\"lazy\" decoding=\"async\" class=\"alignleft size-full wp-image-2305\" src=\"http:\/\/www.emergentberlinfest.de\/wp-content\/uploads\/2017\/08\/Crochet.jpg\" alt=\"Crochet\" width=\"741\" height=\"481\" srcset=\"https:\/\/www.emergentberlinfest.de\/wp-content\/uploads\/2017\/08\/Crochet.jpg 741w, https:\/\/www.emergentberlinfest.de\/wp-content\/uploads\/2017\/08\/Crochet-300x195.jpg 300w\" sizes=\"auto, (max-width: 741px) 100vw, 741px\" \/><\/a><br \/>\n<\/strong><\/p>\n<p>Mafe teaches beginner and intermediate crocheting at the Anguria Workshop in Berlin-Mitte and has developed particular skills in Amigurimi (Japanese art of crocheting small stuffed creatures). She will be hosting a workshop on the basic stitches of crocheting, and sharing with us some of the therapeutic effects of this creative activity.<\/p>\n<p>*Participants are asked to try to bring yarn and needles.<\/p>\n","protected":false},"excerpt":{"rendered":"<p>Overview 11.9.\u00a0 Infoabend #1: Mitmachen bei der COB1 &#8211; DE @20:00-22:00 12.9.\u00a0 Emergent Concert and Language Exchange &#8211; DE\/EN @ 19:00-22:00 12.9.\u00a0 Gestalt Awareness Practice and Social Change &#8211; @ 19:00-22:00 13.9.\u00a0 Selbstbestimmte Bildung f\u00fcr alle? Ein Austauschabend zu Zugangsbarrieren non-konformer und selbstorganisierter Bildung (Wandelwoche) &#8211; DE\/EN @ 19:00-22:00 14.9.\u00a0 Baumhaus Community Day &amp; The &hellip; <a href=\"https:\/\/www.emergentberlinfest.de\/index.php\/week-2\/\" class=\"more-link\">Continue reading <span class=\"screen-reader-text\">Week 2 (11.-15.9.)<\/span><\/a><\/p>\n","protected":false},"author":1,"featured_media":0,"parent":0,"menu_order":0,"comment_status":"closed","ping_status":"open","template":"","meta":{"footnotes":""},"class_list":["post-2229","page","type-page","status-publish","hentry"],"_links":{"self":[{"href":"https:\/\/www.emergentberlinfest.de\/index.php\/wp-json\/wp\/v2\/pages\/2229","targetHints":{"allow":["GET"]}}],"collection":[{"href":"https:\/\/www.emergentberlinfest.de\/index.php\/wp-json\/wp\/v2\/pages"}],"about":[{"href":"https:\/\/www.emergentberlinfest.de\/index.php\/wp-json\/wp\/v2\/types\/page"}],"author":[{"embeddable":true,"href":"https:\/\/www.emergentberlinfest.de\/index.php\/wp-json\/wp\/v2\/users\/1"}],"replies":[{"embeddable":true,"href":"https:\/\/www.emergentberlinfest.de\/index.php\/wp-json\/wp\/v2\/comments?post=2229"}],"version-history":[{"count":14,"href":"https:\/\/www.emergentberlinfest.de\/index.php\/wp-json\/wp\/v2\/pages\/2229\/revisions"}],"predecessor-version":[{"id":2308,"href":"https:\/\/www.emergentberlinfest.de\/index.php\/wp-json\/wp\/v2\/pages\/2229\/revisions\/2308"}],"wp:attachment":[{"href":"https:\/\/www.emergentberlinfest.de\/index.php\/wp-json\/wp\/v2\/media?parent=2229"}],"curies":[{"name":"wp","href":"https:\/\/api.w.org\/{rel}","templated":true}]}}