{"id":2346,"date":"2018-10-03T19:30:26","date_gmt":"2018-10-03T17:30:26","guid":{"rendered":"http:\/\/www.emergentberlinfest.de\/?page_id=2346"},"modified":"2019-07-03T15:34:28","modified_gmt":"2019-07-03T13:34:28","slug":"call-for-participation-2018","status":"publish","type":"page","link":"https:\/\/www.emergentberlinfest.de\/index.php\/call-for-participation-2018\/","title":{"rendered":"[:en]\/ Call for Participation[:de]\/ Einladung zum Mitmachen[:]"},"content":{"rendered":"<p>[:en]<em><span style=\"color: #808000;\">How do you want to participate?<\/span><br \/>\n<\/em><\/p>\n<p dir=\"ltr\">As always, the Emergent Berlin fest will be co-created by the people &amp; projects participating in and attending the events.\u00a0 The basic framework is set up for you to shape and activate it!\u00a0 This is what makes a truly emergent event series&#8230;<\/p>\n<p dir=\"ltr\"><span style=\"color: #ff6600;\"><a style=\"color: #ff6600;\" href=\"http:\/\/www.emergentberlinfest.de\/index.php\/call-for-participation-2018\/project-presentations\/\">Make a Presentation<\/a><\/span> &#8211; Do you have a sustainable project or initiative that you would like to present in 15 minutes or less? There are 12 spots over 4 days &#8211; <strong>1 spot left on Nov 7<\/strong><\/p>\n<p dir=\"ltr\"><span style=\"color: #ff6600;\"><a style=\"color: #ff6600;\" href=\"http:\/\/www.emergentberlinfest.de\/index.php\/call-for-participation-2018\/workshops\/\">Lead a Workshop<\/a><\/span> &#8211; Do you have a workshop that you would like to facilitate in 90 minutes or less?\u00a0 4 spots available over 4 days &#8211; <strong>FULL<\/strong><\/p>\n<p dir=\"ltr\"><span style=\"color: #ff6600;\"><a style=\"color: #ff6600;\" href=\"http:\/\/www.emergentberlinfest.de\/index.php\/call-for-participation-2018\/panel\/\">Panel Discussion<\/a><\/span> &#8211; Would you like to suggest someone as a panelist?<\/p>\n<p dir=\"ltr\"><span style=\"color: #ff6600;\"><a style=\"color: #ff6600;\" href=\"http:\/\/www.emergentberlinfest.de\/index.php\/call-for-participation-2018\/vertical-garden\/\">Vertical Garden Prototype<\/a> <\/span>&#8211; Would you like to help install our latest hydroponic vertical garden prototype?<\/p>\n<p dir=\"ltr\"><span style=\"color: #ff6600;\"><a style=\"color: #ff6600;\" href=\"http:\/\/www.emergentberlinfest.de\/index.php\/community-networking-night-potluck-buffet-groove-meditation\/\">Community Networking Nights<\/a><\/span> &#8211; Come by to help cook the buffet, chill in the Open Greeting Zone and enjoy a nice jam session&#8230;<\/p>\n<p dir=\"ltr\"><span style=\"color: #ff6600;\"><a style=\"color: #ff6600;\" href=\"http:\/\/www.emergentberlinfest.de\/index.php\/call-for-participation-2018\/super-social-sunday\/\">Sunday Workout &amp; Brunch<\/a><\/span> &#8211; let us know if you plan to come so we have enough food<\/p>\n<p dir=\"ltr\"><span style=\"color: #ff6600;\">Help with Food<\/span> &#8211; Let us know if you would like to help prepare food and snacks<\/p>\n<p dir=\"ltr\"><span style=\"color: #ff6600;\">Documentation<\/span> &#8211; Let us know if you would like to help document any events in <span style=\"color: #808000;\">text<\/span>, <span style=\"color: #808000;\">photos<\/span>, <span style=\"color: #808000;\">video<\/span> or <span style=\"color: #808000;\">audio<\/span>.\u00a0 We would love to create a library of &#8220;good news you can use&#8221;&#8230;<\/p>\n<p dir=\"ltr\"><span style=\"color: #ff6600;\">General Helpers<\/span> &#8211; If you know when you would like to help with set up, clean up, welcoming guests at the door or other general tasks then just send us an email to <span style=\"color: #808000;\">info((at))baumhausberlin.de<\/span> or via the contact form on this site to let us know what days and times you would like to come by.<\/p>\n<p>[:de]<em><span style=\"color: #808000;\">Wie willst du mitmachen?<\/span><br \/>\n<\/em><\/p>\n<p>Wie jedes Jahr entsteht auch dieses Emergent Berlin wieder durch alle teilnehmenden Personen &amp; Projekte. Die Plattform und der Rahmen ist da \u2013 jetzt liegt es an Euch!<\/p>\n<p dir=\"ltr\"><span style=\"color: #ff6600;\"><a style=\"color: #ff6600;\" href=\"http:\/\/www.emergentberlinfest.de\/index.php\/call-for-participation-2018\/project-presentations\/\">Stell dein Projekt vor<\/a><\/span> &#8211; Hast du ein nachhaltiges Projekt, dass du gerne in 15min oder weniger vorstellen w\u00fcrdest? Es gibt 12 freie Pl\u00e4tze an 4 Tagen<\/p>\n<p dir=\"ltr\"><span style=\"color: #ff6600;\"><a style=\"color: #ff6600;\" href=\"http:\/\/www.emergentberlinfest.de\/index.php\/call-for-participation-2018\/workshops\/\">Workshop anbieten<\/a><\/span> &#8211; Willst du einen Workshop anleiten, \u00fcber 90min oder k\u00fcrzer? Wir haben 4 freie Pl\u00e4tze an 4 Tagen<\/p>\n<p dir=\"ltr\"><span style=\"color: #ff6600;\"><a style=\"color: #ff6600;\" href=\"http:\/\/www.emergentberlinfest.de\/index.php\/call-for-participation-2018\/panel\/\">Podiumsdiskussion<\/a><\/span> &#8211; Wen sollen wir einladen?<\/p>\n<p dir=\"ltr\"><span style=\"color: #ff6600;\"><a style=\"color: #ff6600;\" href=\"http:\/\/www.emergentberlinfest.de\/index.php\/call-for-participation-2018\/vertical-garden\/\">Vertikaler Garten Prototyp<\/a> <\/span>&#8211; Wer hat Lust einen Prototyp f\u00fcr den &#8216;hydroponic vertical garden&#8217; im Baumhaus mitzubauen?<\/p>\n<p dir=\"ltr\"><span style=\"color: #ff6600;\"><a style=\"color: #ff6600;\" href=\"http:\/\/www.emergentberlinfest.de\/index.php\/community-networking-night-potluck-buffet-groove-meditation\/\">Community Networking Nights<\/a><\/span> &#8211; Kommt vorbei, helft mit, taucht ein in die w\u00f6chentliche Baumhaus Night und Jam Session&#8230;<\/p>\n<p dir=\"ltr\"><span style=\"color: #ff6600;\"><a style=\"color: #ff6600;\" href=\"http:\/\/www.emergentberlinfest.de\/index.php\/call-for-participation-2018\/super-social-sunday\/\">Sunday Workout &amp; Brunch<\/a><\/span> &#8211; Lass uns wissen ob du kommst, damit wir besser planen k\u00f6nnen<\/p>\n<p dir=\"ltr\"><span style=\"color: #ff6600;\">Mitmachen beim Kochen<\/span> &#8211; Lass uns wissen wenn du Lust hast beim Kochen mitzuhelfen&#8230;<\/p>\n<p dir=\"ltr\"><span style=\"color: #ff6600;\">Dokumentation<\/span> &#8211; Lass uns wissen, wenn du Lust hast, bei der Dokumentation von Veranstaltungen mitzuhelfen: <span style=\"color: #808000;\">Texte<\/span>, <span style=\"color: #808000;\">Fotos<\/span>, <span style=\"color: #808000;\">Video<\/span> oder <span style=\"color: #808000;\">Audio<\/span>. Unsere Idee ist es, eine Art B\u00fccherei der &#8220;good news you can use&#8221; zu starten&#8230;<\/p>\n<p dir=\"ltr\"><span style=\"color: #ff6600;\">Mithelfen allgemein<\/span> &#8211; Wenn du mithelfen magst w\u00e4hrend der Veranstaltungen, von Aufbau \u00fcber Leute begr\u00fc\u00dfen bis Abbau, und dich schon auf bestimmte Tagen und Zeiten festlegen kannst, dann schicke uns eine Email an <span style=\"color: #808000;\">info((at))baumhausberlin.de<\/span> oder benutze das Kontaktformular auf dieser Webseite.<\/p>\n<p>[:]<\/p>\n","protected":false},"excerpt":{"rendered":"<p>[:en]How do you want to participate? As always, the Emergent Berlin fest will be co-created by the people &amp; projects participating in and attending the events.\u00a0 The basic framework is set up for you to shape and activate it!\u00a0 This is what makes a truly emergent event series&#8230; Make a Presentation &#8211; Do you have &hellip; <a href=\"https:\/\/www.emergentberlinfest.de\/index.php\/call-for-participation-2018\/\" class=\"more-link\">Continue reading <span class=\"screen-reader-text\">[:en]\/ Call for Participation[:de]\/ Einladung zum Mitmachen[:]<\/span><\/a><\/p>\n","protected":false},"author":1,"featured_media":0,"parent":0,"menu_order":0,"comment_status":"closed","ping_status":"open","template":"","meta":{"footnotes":""},"class_list":["post-2346","page","type-page","status-publish","hentry"],"_links":{"self":[{"href":"https:\/\/www.emergentberlinfest.de\/index.php\/wp-json\/wp\/v2\/pages\/2346","targetHints":{"allow":["GET"]}}],"collection":[{"href":"https:\/\/www.emergentberlinfest.de\/index.php\/wp-json\/wp\/v2\/pages"}],"about":[{"href":"https:\/\/www.emergentberlinfest.de\/index.php\/wp-json\/wp\/v2\/types\/page"}],"author":[{"embeddable":true,"href":"https:\/\/www.emergentberlinfest.de\/index.php\/wp-json\/wp\/v2\/users\/1"}],"replies":[{"embeddable":true,"href":"https:\/\/www.emergentberlinfest.de\/index.php\/wp-json\/wp\/v2\/comments?post=2346"}],"version-history":[{"count":19,"href":"https:\/\/www.emergentberlinfest.de\/index.php\/wp-json\/wp\/v2\/pages\/2346\/revisions"}],"predecessor-version":[{"id":3138,"href":"https:\/\/www.emergentberlinfest.de\/index.php\/wp-json\/wp\/v2\/pages\/2346\/revisions\/3138"}],"wp:attachment":[{"href":"https:\/\/www.emergentberlinfest.de\/index.php\/wp-json\/wp\/v2\/media?parent=2346"}],"curies":[{"name":"wp","href":"https:\/\/api.w.org\/{rel}","templated":true}]}}

<p>[:en]<em><span style="color: #808000;">How do you want to participate?</span><br />
</em></p>
<p dir="ltr">As always, the Emergent Berlin fest will be co-created by the people &amp; projects participating in and attending the events.  The basic framework is set up for you to shape and activate it!  This is what makes a truly emergent event series&#8230;</p>
<p dir="ltr"><span style="color: #ff6600;"><a style="color: #ff6600;" href="http://www.emergentberlinfest.de/index.php/call-for-participation-2018/project-presentations/">Make a Presentation</a></span> &#8211; Do you have a sustainable project or initiative that you would like to present in 15 minutes or less? There are 12 spots over 4 days &#8211; <strong>1 spot left on Nov 7</strong></p>
<p dir="ltr"><span style="color: #ff6600;"><a style="color: #ff6600;" href="http://www.emergentberlinfest.de/index.php/call-for-participation-2018/workshops/">Lead a Workshop</a></span> &#8211; Do you have a workshop that you would like to facilitate in 90 minutes or less?  4 spots available over 4 days &#8211; <strong>FULL</strong></p>
<p dir="ltr"><span style="color: #ff6600;"><a style="color: #ff6600;" href="http://www.emergentberlinfest.de/index.php/call-for-participation-2018/panel/">Panel Discussion</a></span> &#8211; Would you like to suggest someone as a panelist?</p>
<p dir="ltr"><span style="color: #ff6600;"><a style="color: #ff6600;" href="http://www.emergentberlinfest.de/index.php/call-for-participation-2018/vertical-garden/">Vertical Garden Prototype</a> </span>&#8211; Would you like to help install our latest hydroponic vertical garden prototype?</p>
<p dir="ltr"><span style="color: #ff6600;"><a style="color: #ff6600;" href="http://www.emergentberlinfest.de/index.php/community-networking-night-potluck-buffet-groove-meditation/">Community Networking Nights</a></span> &#8211; Come by to help cook the buffet, chill in the Open Greeting Zone and enjoy a nice jam session&#8230;</p>
<p dir="ltr"><span style="color: #ff6600;"><a style="color: #ff6600;" href="http://www.emergentberlinfest.de/index.php/call-for-participation-2018/super-social-sunday/">Sunday Workout &amp; Brunch</a></span> &#8211; let us know if you plan to come so we have enough food</p>
<p dir="ltr"><span style="color: #ff6600;">Help with Food</span> &#8211; Let us know if you would like to help prepare food and snacks</p>
<p dir="ltr"><span style="color: #ff6600;">Documentation</span> &#8211; Let us know if you would like to help document any events in <span style="color: #808000;">text</span>, <span style="color: #808000;">photos</span>, <span style="color: #808000;">video</span> or <span style="color: #808000;">audio</span>.  We would love to create a library of &#8220;good news you can use&#8221;&#8230;</p>
<p dir="ltr"><span style="color: #ff6600;">General Helpers</span> &#8211; If you know when you would like to help with set up, clean up, welcoming guests at the door or other general tasks then just send us an email to <span style="color: #808000;">info((at))baumhausberlin.de</span> or via the contact form on this site to let us know what days and times you would like to come by.</p>
<p>[:de]<em><span style="color: #808000;">Wie willst du mitmachen?</span><br />
</em></p>
<p>Wie jedes Jahr entsteht auch dieses Emergent Berlin wieder durch alle teilnehmenden Personen &amp; Projekte. Die Plattform und der Rahmen ist da – jetzt liegt es an Euch!</p>
<p dir="ltr"><span style="color: #ff6600;"><a style="color: #ff6600;" href="http://www.emergentberlinfest.de/index.php/call-for-participation-2018/project-presentations/">Stell dein Projekt vor</a></span> &#8211; Hast du ein nachhaltiges Projekt, dass du gerne in 15min oder weniger vorstellen würdest? Es gibt 12 freie Plätze an 4 Tagen</p>
<p dir="ltr"><span style="color: #ff6600;"><a style="color: #ff6600;" href="http://www.emergentberlinfest.de/index.php/call-for-participation-2018/workshops/">Workshop anbieten</a></span> &#8211; Willst du einen Workshop anleiten, über 90min oder kürzer? Wir haben 4 freie Plätze an 4 Tagen</p>
<p dir="ltr"><span style="color: #ff6600;"><a style="color: #ff6600;" href="http://www.emergentberlinfest.de/index.php/call-for-participation-2018/panel/">Podiumsdiskussion</a></span> &#8211; Wen sollen wir einladen?</p>
<p dir="ltr"><span style="color: #ff6600;"><a style="color: #ff6600;" href="http://www.emergentberlinfest.de/index.php/call-for-participation-2018/vertical-garden/">Vertikaler Garten Prototyp</a> </span>&#8211; Wer hat Lust einen Prototyp für den &#8216;hydroponic vertical garden&#8217; im Baumhaus mitzubauen?</p>
<p dir="ltr"><span style="color: #ff6600;"><a style="color: #ff6600;" href="http://www.emergentberlinfest.de/index.php/community-networking-night-potluck-buffet-groove-meditation/">Community Networking Nights</a></span> &#8211; Kommt vorbei, helft mit, taucht ein in die wöchentliche Baumhaus Night und Jam Session&#8230;</p>
<p dir="ltr"><span style="color: #ff6600;"><a style="color: #ff6600;" href="http://www.emergentberlinfest.de/index.php/call-for-participation-2018/super-social-sunday/">Sunday Workout &amp; Brunch</a></span> &#8211; Lass uns wissen ob du kommst, damit wir besser planen können</p>
<p dir="ltr"><span style="color: #ff6600;">Mitmachen beim Kochen</span> &#8211; Lass uns wissen wenn du Lust hast beim Kochen mitzuhelfen&#8230;</p>
<p dir="ltr"><span style="color: #ff6600;">Dokumentation</span> &#8211; Lass uns wissen, wenn du Lust hast, bei der Dokumentation von Veranstaltungen mitzuhelfen: <span style="color: #808000;">Texte</span>, <span style="color: #808000;">Fotos</span>, <span style="color: #808000;">Video</span> oder <span style="color: #808000;">Audio</span>. Unsere Idee ist es, eine Art Bücherei der &#8220;good news you can use&#8221; zu starten&#8230;</p>
<p dir="ltr"><span style="color: #ff6600;">Mithelfen allgemein</span> &#8211; Wenn du mithelfen magst während der Veranstaltungen, von Aufbau über Leute begrüßen bis Abbau, und dich schon auf bestimmte Tagen und Zeiten festlegen kannst, dann schicke uns eine Email an <span style="color: #808000;">info((at))baumhausberlin.de</span> oder benutze das Kontaktformular auf dieser Webseite.</p>
<p>[:]</p>
