{"id":2480,"date":"2018-10-04T15:22:38","date_gmt":"2018-10-04T13:22:38","guid":{"rendered":"http:\/\/www.emergentberlinfest.de\/?page_id=2480"},"modified":"2019-07-04T09:07:50","modified_gmt":"2019-07-04T07:07:50","slug":"theme-immersive-realities","status":"publish","type":"page","link":"https:\/\/www.emergentberlinfest.de\/index.php\/emergent-berlin-2018\/theme-immersive-realities\/","title":{"rendered":"Emergent Berlin 2018 *immersive realities*"},"content":{"rendered":"<p>[:en]<\/p>\n<div>\n<p style=\"text-align: left;\"><span style=\"color: #808000;\">5 &#8211; 17 November 2018<\/span><strong><br \/>\n<\/strong><\/p>\n<p><img loading=\"lazy\" decoding=\"async\" class=\"alignleft wp-image-2567 size-large\" src=\"http:\/\/www.emergentberlinfest.de\/wp-content\/uploads\/2018\/10\/emb-2018-logo-with-text-1024x559.png\" alt=\"emb 2018 logo with text\" width=\"660\" height=\"360\" srcset=\"https:\/\/www.emergentberlinfest.de\/wp-content\/uploads\/2018\/10\/emb-2018-logo-with-text-1024x559.png 1024w, https:\/\/www.emergentberlinfest.de\/wp-content\/uploads\/2018\/10\/emb-2018-logo-with-text-300x164.png 300w, https:\/\/www.emergentberlinfest.de\/wp-content\/uploads\/2018\/10\/emb-2018-logo-with-text.png 2029w\" sizes=\"auto, (max-width: 660px) 100vw, 660px\" \/><\/p>\n<p class=\"wpview-selection-after\">Emergent Berlin is a crowd-sourced and self organized annual gathering of a broad mix of people &#038; projects in Berlin who are working to make the world a better place by making the world a more sustainable place.\u00a0 We actively explore sustainability from a broad range of personal, ecological, aesthetic, cultural, economic and social perspectives with 2 weeks of events, project presentations, workshops and more!<\/p>\n<p>This year&#8217;s theme: <span style=\"color: #ff9900;\">*i m m e r s i v e\u00a0\u00a0 r e a l i t i e s* <a style=\"color: #ff9900;\" href=\"http:\/\/www.emergentberlinfest.de\/index.php\/program-2\/?lang=en\">Program 2018<\/a><\/span><\/p>\n<p><em>Hosted by Verein zur F\u00f6rderung einer nachhaltigen urbanen Kultur (VFnuK) e.V. in cooperation with <a href=\"http:\/\/www.baumhausberlin.de\/en\/\" target=\"_blank\">Das Baumhaus<\/a> GbR.<\/em><\/p>\n<h1 dir=\"ltr\"><span style=\"color: #ff6600;\"><strong>THEME 2018: Immersive Realities<\/strong><\/span><\/h1>\n<p dir=\"ltr\"><span style=\"color: #808000;\">i m m e r s i v e : tending to fully dive into, to engage deeply<\/span><br \/>\n<span style=\"color: #808000;\"> r e a l i t y : the state of things as they actually exist<\/span><\/p>\n<p dir=\"ltr\">The notion of &#8220;immersive realities&#8221; as a topic was sparked by considering the balance between the amount of time we spend communicating, connecting and interacting in the real world versus time in the virtual, augmented, remote and digital worlds in our personal and professional lives.\u00a0 How can we shift the balance towards being more immersed in the embodied experiences of the &#8216;real&#8217; reality?<\/p>\n<p dir=\"ltr\">It is an invitation to take a closer look at how within our concrete projects, places, events, lifestyles and interactions, we can create situations that open opportunities for a more embodied experience of sustainability.\u00a0 It&#8217;s within those moments of being immersed in balanced relationships to ourselves, each other and the world, that can bring a deeper understanding of and deeper engagement with acting sustainably.<\/p>\n<p dir=\"ltr\"><span style=\"color: #ff9900;\"><span style=\"color: #ff6600;\"><a style=\"color: #ff6600;\" href=\"http:\/\/www.emergentberlinfest.de\/index.php\/call-for-participation-2018\/\">Call For Participation<\/a> &#8211; contribute a project presentation, a workshop, your experiences, stories, questions, ideas or your time helping out&#8230;<br \/>\n<\/span><\/span><\/p>\n<p><span style=\"color: #808000;\">Food for thought &#8211; <\/span><em><span style=\"color: #808000;\">How can we create more experiences that resonate?\u00a0 What kinds of real impact do we want to have in the &#8216;real&#8217; world?\u00a0 What are some ways we can immerse ourselves in more &#8216;real&#8217; realities?\u00a0 How can we make living sustainably our reality?\u00a0 And how do we want to further grow those immersive realities?<\/span><\/em><\/p>\n<\/div>\n<p>[:de]<\/p>\n<div>\n<p style=\"text-align: left;\"><span style=\"color: #808000;\">5. &#8211; 17. November 2018<\/span><strong><br \/>\n<\/strong><\/p>\n<p><img loading=\"lazy\" decoding=\"async\" class=\"alignleft wp-image-2567 size-large\" src=\"http:\/\/www.emergentberlinfest.de\/wp-content\/uploads\/2018\/10\/emb-2018-logo-with-text-1024x559.png\" alt=\"emb 2018 logo with text\" width=\"660\" height=\"360\" srcset=\"https:\/\/www.emergentberlinfest.de\/wp-content\/uploads\/2018\/10\/emb-2018-logo-with-text-1024x559.png 1024w, https:\/\/www.emergentberlinfest.de\/wp-content\/uploads\/2018\/10\/emb-2018-logo-with-text-300x164.png 300w, https:\/\/www.emergentberlinfest.de\/wp-content\/uploads\/2018\/10\/emb-2018-logo-with-text.png 2029w\" sizes=\"auto, (max-width: 660px) 100vw, 660px\" \/><\/p>\n<p>Emergent Berlin ist eine selbstorganisierte j\u00e4hrliche Zusammenkunft von einem bunten Mix aus Personen &amp; Projekten in Berlin, die sich f\u00fcr eine bessere, nachhaltigere Welt einsetzen. Wir erforschen gemeinsam Nachhaltigkeit aus einem breiten Spektrum an pers\u00f6nlichen, \u00f6kologischen, \u00e4sthetischen, kulturellen, \u00f6konomischen und sozialen Perspektiven &#8211; &#8216;crowdsourced&#8217;, mit 2 Wochen voller Treffen, Projektpr\u00e4sentationen, Workshops und mehr!<\/p>\n<p>Dieses Jahr mit dem Schwerpunkt-Thema: <span style=\"color: #ff9900;\">*i m m e r s i v e\u00a0\u00a0 r e a l i t i e s* <a style=\"color: #ff9900;\" href=\"http:\/\/www.emergentberlinfest.de\/index.php\/program-2\/?lang=de\">Programm 2018<\/a><\/span><\/p>\n<p><em>Verein zur F\u00f6rderung einer nachhaltigen urbanen Kultur (VFnuK) e.V. in Kooperation mit <a href=\"http:\/\/www.baumhausberlin.de\/en\/\" target=\"_blank\">Das Baumhaus<\/a> GbR.<\/em><\/p>\n<h1 dir=\"ltr\"><span style=\"color: #ff6600;\"><strong>THEMA 2018: Immersive Realities<\/strong><\/span><\/h1>\n<p dir=\"ltr\"><span style=\"color: #808000;\">i m m e r s i v e : die Tendenz, in etwas vollst\u00e4ndig einzutauchen<\/span><br \/>\n<span style=\"color: #99cc00;\"><span style=\"color: #808000;\"> r e a l i t y : der Zustand der Dinge, wie sie tats\u00e4chlich existieren<\/span><br \/>\n<\/span><\/p>\n<p dir=\"ltr\">Die Idee von &#8220;immersive realities&#8221; als Thema entstand, als wir das Verh\u00e4ltnis zwischen der Zeit betrachtet haben, die wir kommunizierend, verbindend und interagierend in der realen Welt verbringen vs. der Zeit in den virtuellen, &#8216;augmented&#8217; (erweiterten), entfernten und digitalen Welten unserer pers\u00f6nlichen und professionellen Leben. Wie k\u00f6nnen wir das Gleichgewicht so verschieben, dass wir mehr in der k\u00f6rperlichen, erlebbaren, &#8216;realen&#8217; Realit\u00e4t sind?<\/p>\n<p dir=\"ltr\">Unsere Einladung: Lasst uns genauer hinschauen, wie wir innerhalb unserer konkreten Projekte, Orte, Lebensstile und Interaktionen solche Situationen schaffen, die M\u00f6glichkeiten f\u00fcr mehr verk\u00f6rpertes Erleben von Nachhaltigkeit er\u00f6ffnen. Es sind diese Momente, in denen wir in ausgewogene, resonante Beziehungen zu uns selber, zu anderen und zur Welt eingetaucht sind, die uns ein tieferes Verstehen und tieferes Engagement f\u00fcr nachhaltiges Handeln bringen.<\/p>\n<p><span style=\"color: #ff9900;\"><span style=\"color: #ff6600;\"><a style=\"color: #ff6600;\" href=\"http:\/\/www.emergentberlinfest.de\/index.php\/call-for-participation-2018\/\">Einladung zum Mitmachen<\/a> &#8211; tragt zum Programm bei, mit einer Projektpr\u00e4sentation, einem Workshop, euren Erfahrungen, Geschichten, Fragen, Ideen, oder mit euer Zeit und helft mit&#8230; <\/span><\/span><\/p>\n<p><span style=\"color: #808000;\">Einige Fragen &#8211; W<em>ie k\u00f6nnen wir mehr Erlebnisse von Resonanz schaffen? Welche Art von Wirkung wollen wir in der &#8216;realen&#8217; Welt haben? Was sind einige der Art und Weisen, wie wir selber tiefer in &#8216;reale&#8217; Realit\u00e4ten eintauchen k\u00f6nnen? Wie k\u00f6nnen wir nachhaltiges Leben unsere Realit\u00e4t machen? Und wie wollen wir diese Art von immersiven Realit\u00e4ten weiter wachsen lassen?<\/em><\/span><\/p>\n<\/div>\n<p>[:]<\/p>\n","protected":false},"excerpt":{"rendered":"<p>[:en] 5 &#8211; 17 November 2018 Emergent Berlin is a crowd-sourced and self organized annual gathering of a broad mix of people &#038; projects in Berlin who are working to make the world a better place by making the world a more sustainable place.\u00a0 We actively explore sustainability from a broad range of personal, ecological, &hellip; <a href=\"https:\/\/www.emergentberlinfest.de\/index.php\/emergent-berlin-2018\/theme-immersive-realities\/\" class=\"more-link\">Continue reading <span class=\"screen-reader-text\">Emergent Berlin 2018 *immersive realities*<\/span><\/a><\/p>\n","protected":false},"author":1,"featured_media":0,"parent":2329,"menu_order":0,"comment_status":"closed","ping_status":"open","template":"","meta":{"footnotes":""},"class_list":["post-2480","page","type-page","status-publish","hentry"],"_links":{"self":[{"href":"https:\/\/www.emergentberlinfest.de\/index.php\/wp-json\/wp\/v2\/pages\/2480","targetHints":{"allow":["GET"]}}],"collection":[{"href":"https:\/\/www.emergentberlinfest.de\/index.php\/wp-json\/wp\/v2\/pages"}],"about":[{"href":"https:\/\/www.emergentberlinfest.de\/index.php\/wp-json\/wp\/v2\/types\/page"}],"author":[{"embeddable":true,"href":"https:\/\/www.emergentberlinfest.de\/index.php\/wp-json\/wp\/v2\/users\/1"}],"replies":[{"embeddable":true,"href":"https:\/\/www.emergentberlinfest.de\/index.php\/wp-json\/wp\/v2\/comments?post=2480"}],"version-history":[{"count":24,"href":"https:\/\/www.emergentberlinfest.de\/index.php\/wp-json\/wp\/v2\/pages\/2480\/revisions"}],"predecessor-version":[{"id":3146,"href":"https:\/\/www.emergentberlinfest.de\/index.php\/wp-json\/wp\/v2\/pages\/2480\/revisions\/3146"}],"up":[{"embeddable":true,"href":"https:\/\/www.emergentberlinfest.de\/index.php\/wp-json\/wp\/v2\/pages\/2329"}],"wp:attachment":[{"href":"https:\/\/www.emergentberlinfest.de\/index.php\/wp-json\/wp\/v2\/media?parent=2480"}],"curies":[{"name":"wp","href":"https:\/\/api.w.org\/{rel}","templated":true}]}}

<p>[:en]</p>
<div>
<p style="text-align: left;"><span style="color: #808000;">5 &#8211; 17 November 2018</span><strong><br />
</strong></p>
<p><img loading="lazy" decoding="async" class="alignleft wp-image-2567 size-large" src="http://www.emergentberlinfest.de/wp-content/uploads/2018/10/emb-2018-logo-with-text-1024x559.png" alt="emb 2018 logo with text" width="660" height="360" srcset="https://www.emergentberlinfest.de/wp-content/uploads/2018/10/emb-2018-logo-with-text-1024x559.png 1024w, https://www.emergentberlinfest.de/wp-content/uploads/2018/10/emb-2018-logo-with-text-300x164.png 300w, https://www.emergentberlinfest.de/wp-content/uploads/2018/10/emb-2018-logo-with-text.png 2029w" sizes="auto, (max-width: 660px) 100vw, 660px" /></p>
<p class="wpview-selection-after">Emergent Berlin is a crowd-sourced and self organized annual gathering of a broad mix of people &#038; projects in Berlin who are working to make the world a better place by making the world a more sustainable place.  We actively explore sustainability from a broad range of personal, ecological, aesthetic, cultural, economic and social perspectives with 2 weeks of events, project presentations, workshops and more!</p>
<p>This year&#8217;s theme: <span style="color: #ff9900;">*i m m e r s i v e   r e a l i t i e s* <a style="color: #ff9900;" href="http://www.emergentberlinfest.de/index.php/program-2/?lang=en">Program 2018</a></span></p>
<p><em>Hosted by Verein zur Förderung einer nachhaltigen urbanen Kultur (VFnuK) e.V. in cooperation with <a href="http://www.baumhausberlin.de/en/" target="_blank">Das Baumhaus</a> GbR.</em></p>
<h1 dir="ltr"><span style="color: #ff6600;"><strong>THEME 2018: Immersive Realities</strong></span></h1>
<p dir="ltr"><span style="color: #808000;">i m m e r s i v e : tending to fully dive into, to engage deeply</span><br />
<span style="color: #808000;"> r e a l i t y : the state of things as they actually exist</span></p>
<p dir="ltr">The notion of &#8220;immersive realities&#8221; as a topic was sparked by considering the balance between the amount of time we spend communicating, connecting and interacting in the real world versus time in the virtual, augmented, remote and digital worlds in our personal and professional lives.  How can we shift the balance towards being more immersed in the embodied experiences of the &#8216;real&#8217; reality?</p>
<p dir="ltr">It is an invitation to take a closer look at how within our concrete projects, places, events, lifestyles and interactions, we can create situations that open opportunities for a more embodied experience of sustainability.  It&#8217;s within those moments of being immersed in balanced relationships to ourselves, each other and the world, that can bring a deeper understanding of and deeper engagement with acting sustainably.</p>
<p dir="ltr"><span style="color: #ff9900;"><span style="color: #ff6600;"><a style="color: #ff6600;" href="http://www.emergentberlinfest.de/index.php/call-for-participation-2018/">Call For Participation</a> &#8211; contribute a project presentation, a workshop, your experiences, stories, questions, ideas or your time helping out&#8230;<br />
</span></span></p>
<p><span style="color: #808000;">Food for thought &#8211; </span><em><span style="color: #808000;">How can we create more experiences that resonate?  What kinds of real impact do we want to have in the &#8216;real&#8217; world?  What are some ways we can immerse ourselves in more &#8216;real&#8217; realities?  How can we make living sustainably our reality?  And how do we want to further grow those immersive realities?</span></em></p>
</div>
<p>[:de]</p>
<div>
<p style="text-align: left;"><span style="color: #808000;">5. &#8211; 17. November 2018</span><strong><br />
</strong></p>
<p><img loading="lazy" decoding="async" class="alignleft wp-image-2567 size-large" src="http://www.emergentberlinfest.de/wp-content/uploads/2018/10/emb-2018-logo-with-text-1024x559.png" alt="emb 2018 logo with text" width="660" height="360" srcset="https://www.emergentberlinfest.de/wp-content/uploads/2018/10/emb-2018-logo-with-text-1024x559.png 1024w, https://www.emergentberlinfest.de/wp-content/uploads/2018/10/emb-2018-logo-with-text-300x164.png 300w, https://www.emergentberlinfest.de/wp-content/uploads/2018/10/emb-2018-logo-with-text.png 2029w" sizes="auto, (max-width: 660px) 100vw, 660px" /></p>
<p>Emergent Berlin ist eine selbstorganisierte jährliche Zusammenkunft von einem bunten Mix aus Personen &amp; Projekten in Berlin, die sich für eine bessere, nachhaltigere Welt einsetzen. Wir erforschen gemeinsam Nachhaltigkeit aus einem breiten Spektrum an persönlichen, ökologischen, ästhetischen, kulturellen, ökonomischen und sozialen Perspektiven &#8211; &#8216;crowdsourced&#8217;, mit 2 Wochen voller Treffen, Projektpräsentationen, Workshops und mehr!</p>
<p>Dieses Jahr mit dem Schwerpunkt-Thema: <span style="color: #ff9900;">*i m m e r s i v e   r e a l i t i e s* <a style="color: #ff9900;" href="http://www.emergentberlinfest.de/index.php/program-2/?lang=de">Programm 2018</a></span></p>
<p><em>Verein zur Förderung einer nachhaltigen urbanen Kultur (VFnuK) e.V. in Kooperation mit <a href="http://www.baumhausberlin.de/en/" target="_blank">Das Baumhaus</a> GbR.</em></p>
<h1 dir="ltr"><span style="color: #ff6600;"><strong>THEMA 2018: Immersive Realities</strong></span></h1>
<p dir="ltr"><span style="color: #808000;">i m m e r s i v e : die Tendenz, in etwas vollständig einzutauchen</span><br />
<span style="color: #99cc00;"><span style="color: #808000;"> r e a l i t y : der Zustand der Dinge, wie sie tatsächlich existieren</span><br />
</span></p>
<p dir="ltr">Die Idee von &#8220;immersive realities&#8221; als Thema entstand, als wir das Verhältnis zwischen der Zeit betrachtet haben, die wir kommunizierend, verbindend und interagierend in der realen Welt verbringen vs. der Zeit in den virtuellen, &#8216;augmented&#8217; (erweiterten), entfernten und digitalen Welten unserer persönlichen und professionellen Leben. Wie können wir das Gleichgewicht so verschieben, dass wir mehr in der körperlichen, erlebbaren, &#8216;realen&#8217; Realität sind?</p>
<p dir="ltr">Unsere Einladung: Lasst uns genauer hinschauen, wie wir innerhalb unserer konkreten Projekte, Orte, Lebensstile und Interaktionen solche Situationen schaffen, die Möglichkeiten für mehr verkörpertes Erleben von Nachhaltigkeit eröffnen. Es sind diese Momente, in denen wir in ausgewogene, resonante Beziehungen zu uns selber, zu anderen und zur Welt eingetaucht sind, die uns ein tieferes Verstehen und tieferes Engagement für nachhaltiges Handeln bringen.</p>
<p><span style="color: #ff9900;"><span style="color: #ff6600;"><a style="color: #ff6600;" href="http://www.emergentberlinfest.de/index.php/call-for-participation-2018/">Einladung zum Mitmachen</a> &#8211; tragt zum Programm bei, mit einer Projektpräsentation, einem Workshop, euren Erfahrungen, Geschichten, Fragen, Ideen, oder mit euer Zeit und helft mit&#8230; </span></span></p>
<p><span style="color: #808000;">Einige Fragen &#8211; W<em>ie können wir mehr Erlebnisse von Resonanz schaffen? Welche Art von Wirkung wollen wir in der &#8216;realen&#8217; Welt haben? Was sind einige der Art und Weisen, wie wir selber tiefer in &#8216;reale&#8217; Realitäten eintauchen können? Wie können wir nachhaltiges Leben unsere Realität machen? Und wie wollen wir diese Art von immersiven Realitäten weiter wachsen lassen?</em></span></p>
</div>
<p>[:]</p>
