{"id":276,"date":"2015-07-13T20:43:38","date_gmt":"2015-07-13T18:43:38","guid":{"rendered":"http:\/\/www.emergentberlin.de\/?page_id=276"},"modified":"2015-09-07T12:42:39","modified_gmt":"2015-09-07T10:42:39","slug":"english-open-greeting-zones","status":"publish","type":"page","link":"https:\/\/www.emergentberlinfest.de\/index.php\/english-open-greeting-zones\/","title":{"rendered":"[:de]Create an artwork to identify open Greeting Zones&#8230;[:en]Create an artwork to identify open Greeting Zones&#8230;[:tr]. . . A\u00e7\u0131k Tan\u0131\u015fma Alan\u0131[:]"},"content":{"rendered":"<p>[:de]<\/p>\n<div>\n<h3><span class=\"Apple-style-span\" style=\"color: #99cc00; font-size: 17px; font-weight: normal;\"><strong>An \u201cOpen Greeting Zone\u201d OGZ, is an area where it is ok for anyone to walk up to anyone else or a group of people and feel welcomed to introduce themself or join in the conversation.\u00a0 It is a way to reframe what is socially acceptable, to shift our expectations of how we behave in situations where we do not already know people. \u00a0Creating a\u00a0comfortable atmosphere for simple, direct and authentic communication&#8230;<\/strong><\/span><\/h3>\n<p><a href=\"http:\/\/www.emergentberlinfest.de\/wp-content\/uploads\/2015\/07\/DSC9582.jpg\"><img loading=\"lazy\" decoding=\"async\" class=\"aligncenter  wp-image-295\" src=\"http:\/\/www.emergentberlinfest.de\/wp-content\/uploads\/2015\/07\/DSC9582-300x200.jpg\" alt=\"_DSC9582\" width=\"407\" height=\"271\" srcset=\"https:\/\/www.emergentberlinfest.de\/wp-content\/uploads\/2015\/07\/DSC9582-300x200.jpg 300w, https:\/\/www.emergentberlinfest.de\/wp-content\/uploads\/2015\/07\/DSC9582-1024x681.jpg 1024w\" sizes=\"auto, (max-width: 407px) 100vw, 407px\" \/><\/a><\/p>\n<h3><strong>Help us transform the whole festival are\u00a0into a Open Greeting Zone! \u00a0<\/strong><strong>Sa 12.09. at Blink Blink, Gerichtstr. 27 VH EG (13:00 &#8211; 17:00)<\/strong><\/h3>\n<p>Participation is open whether you consider yourself an artist or not. \u00a0Here are some guidelines for participating in this initiative to make a work of functional art:<\/p>\n<ul>\n<li>a work of art\/design the can have visible \u201cOpen Greeting Zone\u201d or\u00a0\u201coffene Gr\u00fc\u00dfzone\u201d or &#8220;OGZ&#8221; or in any other language or any abstract aesthetic &#8216;in the spirit of bringing people together&#8217;, you decide where, how big, how (in)visible&#8230; it&#8217;s your expressive interpretation!<\/li>\n<li>art works \/ designs can be in any style, any scale and using any materials&#8230;\u00a0extra appreciation\u00a0if you use recycled\/up-cycled materials and\/or implement other principals of sustainability in making your artwork<\/li>\n<li>works can be 1 or 2 sided, designed to be mounted on the end of a stick and placed into the ground, set up on a table or even\u00a0hung on a wall \/ tree<\/li>\n<li>you\u00a0may help (if you like) curate where your sign will be placed in one of the event venues on Gerichtstr. in Wedding or even outdoors in the green surrounding the Panke waterway next to\u00a0the building.<\/li>\n<li>each work of art will be accompanied by a name shield and an explanation of the \u201cOpen Greeting Zone\u201d initiative<\/li>\n<li>your work of art is yours to do what you like with, we can store it safely over the night until\u00a0Monday, Sept 14, maybe even slightly longer.<\/li>\n<li>you may choose to participate in our auction with your artwork.\u00a0\u00a0Interested buyers may make bids on artworks during the 2 day festival\u00a0artist and designers can decide on what the minimum bid price is. \u00a0Proceeds from artworks that are sold\u00a0will be divided in 2\u00a0parts: 65% to the\u00a0artist \/ designer, 35% to the Emergent Berlin festival fund and curation team. \u00a0We will put you in direct contact with any potential buyers and you can handle any financial transactions if you like.<\/li>\n<li>you may choose to take your work home with you after the festival, maybe bring it to the park or beach someday, maybe even the cafe or the next conference you go to&#8230; \u00a0you get the idea&#8230;<\/li>\n<li>deadline to submit any photos, links, short artist statement is Sept. 8 at 18:00<\/li>\n<\/ul>\n<p><em><span style=\"font-family: 'Noto Serif',serif;\">* If you want to<\/span><span style=\"font-family: 'Noto Serif',serif;\"><span style=\"font-size: large;\">\u00a0participate, please fill out the info on our \u2018<a href=\"http:\/\/www.emergentberlinfest.de\/index.php\/call-for-participation\/?lang=en\">Call for Participation<\/a>\u2018 page.\u00a0 Contact us at\u00a0<a href=\"mailto:emergent.berlin@gmail.com\">emergent.berlin@gmail.com<\/a>\u00a0with questions, comments and confirmation of your participation.<\/span><\/span><\/em><\/p>\n<\/div>\n<p>[:en]<\/p>\n<div>\n<div>\n<h3><span class=\"Apple-style-span\" style=\"color: #99cc00; font-size: 17px; font-weight: normal;\"><strong>An \u201cOpen Greeting Zone\u201d OGZ, is an area where it is ok for anyone to walk up to anyone else or a group of people and feel welcomed to introduce themself or join in the conversation.\u00a0 It is a way to reframe what is socially acceptable, to shift our expectations of how we behave in situations where we do not already know people. \u00a0Creating a\u00a0comfortable atmosphere for simple, direct and authentic communication&#8230;<\/strong><\/span><\/h3>\n<p><a href=\"http:\/\/www.emergentberlinfest.de\/wp-content\/uploads\/2015\/07\/DSC9582.jpg\"><img loading=\"lazy\" decoding=\"async\" class=\"aligncenter  wp-image-295\" src=\"http:\/\/www.emergentberlinfest.de\/wp-content\/uploads\/2015\/07\/DSC9582-300x200.jpg\" alt=\"_DSC9582\" width=\"407\" height=\"271\" srcset=\"https:\/\/www.emergentberlinfest.de\/wp-content\/uploads\/2015\/07\/DSC9582-300x200.jpg 300w, https:\/\/www.emergentberlinfest.de\/wp-content\/uploads\/2015\/07\/DSC9582-1024x681.jpg 1024w\" sizes=\"auto, (max-width: 407px) 100vw, 407px\" \/><\/a><\/p>\n<h3><strong>Help us transform the whole festival are\u00a0into a Open Greeting Zone! \u00a0Sa 12.09. at Blink Blink, Gerichtstr. 27 VH EG (13:00 &#8211; 17:00)<\/strong><\/h3>\n<p>Participation is open whether you consider yourself an artist or not. \u00a0Here are some guidelines for participating in this initiative to make a work of functional art:<\/p>\n<ul>\n<li>a work of art\/design the can have visible \u201cOpen Greeting Zone\u201d or\u00a0\u201coffene Gr\u00fc\u00dfzone\u201d or &#8220;OGZ&#8221; or in any other language or any abstract aesthetic &#8216;in the spirit of bringing people together&#8217;, you decide where, how big, how (in)visible&#8230; it&#8217;s your expressive interpretation!<\/li>\n<li>art works \/ designs can be in any style, any scale and using any materials&#8230;\u00a0extra appreciation\u00a0if you use recycled\/up-cycled materials and\/or implement other principals of sustainability in making your artwork<\/li>\n<li>works can be 1 or 2 sided, designed to be mounted on the end of a stick and placed into the ground, set up on a table or even\u00a0hung on a wall \/ tree<\/li>\n<li>you\u00a0may help (if you like) curate where your sign will be placed in one of the event venues on Gerichtstr. in Wedding or even outdoors in the green surrounding the Panke waterway next to\u00a0the building.<\/li>\n<li>each work of art will be accompanied by a name shield and an explanation of the \u201cOpen Greeting Zone\u201d initiative<\/li>\n<li>your work of art is yours to do what you like with, we can store it safely over the night until\u00a0Monday, Sept 14, maybe even slightly longer.<\/li>\n<li>you may choose to participate in our auction with your artwork.\u00a0\u00a0Interested buyers may make bids on artworks during the 2 day festival\u00a0artist and designers can decide on what the minimum bid price is. \u00a0Proceeds from artworks that are sold\u00a0will be divided in 2\u00a0parts: 65% to the\u00a0artist \/ designer, 35% to the Emergent Berlin festival fund and curation team. \u00a0We will put you in direct contact with any potential buyers and you can handle any financial transactions if you like.<\/li>\n<li>you may choose to take your work home with you after the festival, maybe bring it to the park or beach someday, maybe even the cafe or the next conference you go to&#8230; \u00a0you get the idea&#8230;<\/li>\n<li>deadline to submit any photos, links, short artist statement is Sept. 8 at 18:00<\/li>\n<\/ul>\n<p><em><span style=\"font-family: 'Noto Serif',serif;\">* If you want to<\/span><span style=\"font-family: 'Noto Serif',serif;\"><span style=\"font-size: large;\">\u00a0participate, please fill out the info on our \u2018<a href=\"http:\/\/www.emergentberlinfest.de\/index.php\/call-for-participation\/?lang=en\">Call for Participation<\/a>\u2018 page.\u00a0 Contact us at\u00a0<a href=\"mailto:emergent.berlin@gmail.com\">emergent.berlin@gmail.com<\/a>\u00a0with questions, comments and confirmation of your participation.<\/span><\/span><\/em><\/p>\n<\/div>\n<\/div>\n<p>[:tr]<strong><span style=\"color: #008000;\">\u201cA\u00e7\u0131k Tan\u0131\u015fma Alan\u0131\u201d, herkesin birbiri ile tan\u0131\u015fmas\u0131 ve konu\u015fmas\u0131n\u0131n serbest oldu\u011fu, ve sohbete kat\u0131lmaya te\u015fvik edildi\u011fi bir aland\u0131r. Sosyal \u00e7evrelerde nelerin kabul g\u00f6r\u00fcp nelerin kabul g\u00f6rmedi\u011finin yeniden \u015fekillenmesine, ve insanlar\u0131 tan\u0131mad\u0131\u011f\u0131m\u0131z ortamlarda nas\u0131l davranmam\u0131z gerekti\u011fine dair beklentilerin de\u011fi\u015fmesine olanak sa\u011flayabilecek bir yol. Herkesin rahat hissedebilece\u011fi bir atmosfer yaratarak, direk, basit ve g\u00fcvenilir ileti\u015fime te\u015fvik eden bir alan<\/span><\/strong><\/p>\n<p><a href=\"http:\/\/www.emergentberlinfest.de\/wp-content\/uploads\/2015\/07\/DSC9582.jpg\"><img loading=\"lazy\" decoding=\"async\" class=\"aligncenter  wp-image-295\" src=\"http:\/\/www.emergentberlinfest.de\/wp-content\/uploads\/2015\/07\/DSC9582-300x200.jpg\" alt=\"_DSC9582\" width=\"407\" height=\"271\" srcset=\"https:\/\/www.emergentberlinfest.de\/wp-content\/uploads\/2015\/07\/DSC9582-300x200.jpg 300w, https:\/\/www.emergentberlinfest.de\/wp-content\/uploads\/2015\/07\/DSC9582-1024x681.jpg 1024w\" sizes=\"auto, (max-width: 407px) 100vw, 407px\" \/><\/a><\/p>\n<h3>T\u00fcm festival alan\u0131n\u0131 A\u00e7\u0131k Tan\u0131\u015fma Alan\u0131na \u00e7evirmemize yard\u0131mc\u0131 olun! \u00a0<strong>Sa 12.09. at Blink Blink, Gerichtstr. 27 VH EG (13:00 &#8211; 17:00)<\/strong><\/h3>\n<div class=\"page\" title=\"Page 1\">\n<div class=\"section\">\n<div class=\"layoutArea\">\n<div class=\"column\">\n<p>Bu giri\u015fim ge\u00e7en seneki festivalde \u00e7ok ba\u015far\u0131l\u0131 bir \u015fekilde ilerledi, kat\u0131lan herkes birbiriyle tan\u0131\u015fma imkan\u0131 yakalad\u0131! Bu sene ne t\u00fcr yarat\u0131c\u0131 ba\u011flant\u0131lar\u0131n kurulaca\u011f\u0131n\u0131 g\u00f6rmek i\u00e7in tam anlam\u0131yla sab\u0131rs\u0131zlan\u0131yoruz&#8230;<\/p>\n<\/div>\n<\/div>\n<\/div>\n<\/div>\n<div class=\"page\" title=\"Page 1\">\n<div class=\"section\">\n<div class=\"layoutArea\">\n<div class=\"column\">\n<p><strong>A\u00e7\u0131k Tan\u0131\u015fma Alan\u0131\u2019n\u0131 tan\u0131mlayan bir sanat eseri yarat\u0131n&#8230;<\/strong> ve eserinizi festivale getirin. Kendinizi bir sanat\u00e7\u0131 olarak tan\u0131mlay\u0131n ya da tan\u0131mlamay\u0131n, kat\u0131l\u0131m herkese a\u00e7\u0131k. Asa\u011f\u0131da ana hatlar\u0131yla bu giri\u015fime kat\u0131lmak i\u00e7in yapman\u0131z gereken eser hakk\u0131nda bilgi edinebilirsiniz:<\/p>\n<\/div>\n<\/div>\n<\/div>\n<\/div>\n<ul>\n<li>\n<div class=\"page\" title=\"Page 1\">\n<div class=\"section\">\n<div class=\"layoutArea\">\n<div class=\"column\">\n<ul>\n<li>Bir tasar\u0131m\/sanat eseri \u00fczerinde g\u00f6r\u00fcn\u00fcr bir bi\u00e7imde ve her dilde \u201cOpen Greeting Zone,\u201d \u201coffene Gr\u00fc\u00dfzone\u201d ya da \u201cOGZ\u201d yazabilir. Sizin kendinizi ifade etme \u015feklinize ba\u011fl\u0131 olarak insanlar\u0131 biraraya getirme ruhunu yans\u0131tt\u0131ktan sonra yaz\u0131n\u0131n g\u00f6r\u00fcn\u00fcrl\u00fc\u011f\u00fc, g\u00f6r\u00fcnmezli\u011fi, ve dili tamamen size kalm\u0131\u015f.<\/li>\n<li>Tasar\u0131m\/sanat eserleriniz her t\u00fcr malzeme ile yap\u0131labilir. Boyutlar\u0131 ve tarzlar\u0131 hakk\u0131nda hi\u00e7bir k\u0131s\u0131tlama yoktur. E\u011fer yeniden kullan\u0131labilir materyaller kullan\u0131rsan\u0131z ya da s\u00fcrd\u00fcr\u00fclebilirlik prensiplerine ba\u011fl\u0131 kal\u0131rsan\u0131z sizi daha da fazla takdir ederiz.<\/li>\n<li>Yapt\u0131\u011f\u0131n\u0131z i\u015fler tek ya da \u00e7ift tarafl\u0131 olabilir. Eserinizin son halinin bir \u00e7ubu\u011fun \u00fczerine monte edilebilir olmas\u0131na, ya da bir masa \u00fczerine yerle\u015ftirilebilir olmas\u0131na veya bir a\u011faca ya da duvara as\u0131labilir olmas\u0131na \u00f6zen g\u00f6stermelisiniz.<\/li>\n<li>E\u011fer isterseniz eserinizin Wedding\u2019deki Gerichtsr. etkinlik alan\u0131nda ya da Panke b\u00f6lgesinde nereye as\u0131laca\u011f\u0131n\u0131 k\u00fcrate etmeye yard\u0131mc\u0131 olabilirsiniz.<\/li>\n<li>T\u00fcm eserlere isim ve \u201cA\u00e7\u0131k Tan\u0131\u015fma Alan\u0131\u201d giri\u015fimini anlatan bir a\u00e7\u0131klama e\u015flik edecektir.<\/li>\n<li>Festival sonras\u0131nda eseriniz size aittir ve istedi\u011finizi yapmakta serbestsiniz. E\u011fer isterseniz 14\u00a0Eyl\u00fcl ak\u015fam\u0131na kadar (belki biraz daha uzun bir s\u00fcre) eserinizi emniyetli bir \u015fekilde\u00a0saklayabiliriz.<\/li>\n<li>Eseriniz ile a\u00e7\u0131k artt\u0131rmam\u0131za kat\u0131lmay\u0131 tercih edebilirsiniz. \u0130lgilenen al\u0131c\u0131lar iki g\u00fcnl\u00fck festival\u00a0s\u00fcresince eseriniz i\u00e7in tekliflerde bulunacakt\u0131r. Sat\u0131\u015f i\u00e7in en d\u00fc\u015f\u00fck fiyat\u0131 eser sahipleri belirleyecektir. Sat\u0131lan eserlerin sat\u0131\u015f fiyatlar\u0131n\u0131n 65%\u2019i eser sahibine, 35%\u2019i ise Emergent Berlin Festivali\u2019ne verilecektir. Bunun d\u0131\u015f\u0131nda sizi potansiyel al\u0131c\u0131lar ile direk olarak ileti\u015fime ge\u00e7irece\u011fiz. Bu \u015fekilde bireysel olarak finansal k\u0131s\u0131m ile ilgilenebilirsiniz.<\/li>\n<li>Eserinizi festival sonras\u0131nda evinize g\u00f6t\u00fcrebilirsiniz. Belki daha sonra bir parka, plaja, kafeye ya da konferansa g\u00f6t\u00fcr\u00fcrs\u00fcn\u00fcz, kim bilir&#8230;<\/li>\n<li>Her t\u00fcr foto\u011fraf, link, k\u0131sa sanat\u00e7\u0131 tan\u0131m\u0131 yollaman\u0131z i\u00e7in son tarih 8 Eyl\u00fcl saat 18:00\u2019dir.<\/li>\n<\/ul>\n<p>* Kat\u0131lmak istiyorsan\u0131z l\u00fctfen \u2018<a href=\"http:\/\/www.emergentberlinfest.de\/index.php\/call-for-participation\/?lang=tr\">Kat\u0131l\u0131m \u00c7a\u011fr\u0131s\u0131<\/a>\u2019 sayfam\u0131zdaki formu doldurunuz. Sorular\u0131n\u0131z,\u00a0yorumlar\u0131n\u0131z ve kat\u0131l\u0131m onay\u0131n\u0131z i\u00fcin l\u00fctfen emergent.berlin@gmail.com ile ileti\u015fime ge\u00e7iniz.<\/p>\n<\/div>\n<\/div>\n<\/div>\n<\/div>\n<\/li>\n<\/ul>\n<p>[:]<\/p>\n","protected":false},"excerpt":{"rendered":"<p>[:de] An \u201cOpen Greeting Zone\u201d OGZ, is an area where it is ok for anyone to walk up to anyone else or a group of people and feel welcomed to introduce themself or join in the conversation.\u00a0 It is a way to reframe what is socially acceptable, to shift our expectations of how we behave &hellip; <a href=\"https:\/\/www.emergentberlinfest.de\/index.php\/english-open-greeting-zones\/\" class=\"more-link\">Continue reading <span class=\"screen-reader-text\">[:de]Create an artwork to identify open Greeting Zones&#8230;[:en]Create an artwork to identify open Greeting Zones&#8230;[:tr]. . . A\u00e7\u0131k Tan\u0131\u015fma Alan\u0131[:]<\/span><\/a><\/p>\n","protected":false},"author":1,"featured_media":0,"parent":0,"menu_order":0,"comment_status":"open","ping_status":"open","template":"","meta":{"footnotes":""},"class_list":["post-276","page","type-page","status-publish","hentry"],"_links":{"self":[{"href":"https:\/\/www.emergentberlinfest.de\/index.php\/wp-json\/wp\/v2\/pages\/276","targetHints":{"allow":["GET"]}}],"collection":[{"href":"https:\/\/www.emergentberlinfest.de\/index.php\/wp-json\/wp\/v2\/pages"}],"about":[{"href":"https:\/\/www.emergentberlinfest.de\/index.php\/wp-json\/wp\/v2\/types\/page"}],"author":[{"embeddable":true,"href":"https:\/\/www.emergentberlinfest.de\/index.php\/wp-json\/wp\/v2\/users\/1"}],"replies":[{"embeddable":true,"href":"https:\/\/www.emergentberlinfest.de\/index.php\/wp-json\/wp\/v2\/comments?post=276"}],"version-history":[{"count":32,"href":"https:\/\/www.emergentberlinfest.de\/index.php\/wp-json\/wp\/v2\/pages\/276\/revisions"}],"predecessor-version":[{"id":1077,"href":"https:\/\/www.emergentberlinfest.de\/index.php\/wp-json\/wp\/v2\/pages\/276\/revisions\/1077"}],"wp:attachment":[{"href":"https:\/\/www.emergentberlinfest.de\/index.php\/wp-json\/wp\/v2\/media?parent=276"}],"curies":[{"name":"wp","href":"https:\/\/api.w.org\/{rel}","templated":true}]}}