{"id":329,"date":"2015-07-14T19:52:33","date_gmt":"2015-07-14T17:52:33","guid":{"rendered":"http:\/\/www.emergentberlin.de\/?page_id=329"},"modified":"2015-09-10T12:31:57","modified_gmt":"2015-09-10T10:31:57","slug":"musik-film-party","status":"publish","type":"page","link":"https:\/\/www.emergentberlinfest.de\/index.php\/musik-film-party\/","title":{"rendered":"[:de]. . . Musik &#038; Theater  [:en]. . . Musik &#038; Theater  [:]"},"content":{"rendered":"<p>[:de]<\/p>\n<div>\n<h3><span class=\"Apple-style-span\" style=\"font-size: 17px; font-weight: normal;\"><img loading=\"lazy\" decoding=\"async\" class=\" size-thumbnail wp-image-844 alignleft\" src=\"http:\/\/www.emergentberlinfest.de\/wp-content\/uploads\/2015\/07\/noname-150x150.jpeg\" alt=\"noname\" width=\"150\" height=\"150\" srcset=\"https:\/\/www.emergentberlinfest.de\/wp-content\/uploads\/2015\/07\/noname-150x150.jpeg 150w, https:\/\/www.emergentberlinfest.de\/wp-content\/uploads\/2015\/07\/noname-300x300.jpeg 300w, https:\/\/www.emergentberlinfest.de\/wp-content\/uploads\/2015\/07\/noname.jpeg 400w\" sizes=\"auto, (max-width: 150px) 100vw, 150px\" \/><\/span><\/h3>\n<p><strong>14 Uhr @ art loft berlin: Peter Ehwald Trio\u00a0<\/strong>Der Berliner\u00a0<span class=\"Apple-style-span\">Jazz-Saxofonist und Komponist Peter Ehwald und sein Trio kreieren aus den sonst getrennten Welten der Jazz- und klassischen und der\u00a0zeitgen\u00f6ssischen Musik Klangwelten und ziehen Zuh\u00f6rer in ihren Bann&#8230;\u00a0<\/span><\/p>\n<p><strong>15 Uhr @ Werkloft: Liederatin k\u00c4t\u00a0<\/strong>Zwischen Mauern, Asphalt und Alltagseffizienz kein Land in Sicht? Die Liederatin k\u00c4t wird von der Land- zur Stadtstreicherin und malt mit bunten T\u00f6nen Geschichten und Gitarrenmelodien an graue W\u00e4nde \u2013 gegen Systemzw\u00e4nge und f\u00fcr das Leben!<\/p>\n<p><strong><a href=\"http:\/\/www.emergentberlinfest.de\/wp-content\/uploads\/2015\/07\/FullSizeRender.jpg\"><img loading=\"lazy\" decoding=\"async\" class=\" size-thumbnail wp-image-928 alignleft\" src=\"http:\/\/www.emergentberlinfest.de\/wp-content\/uploads\/2015\/07\/FullSizeRender-150x150.jpg\" alt=\"FullSizeRender\" width=\"150\" height=\"150\" \/><\/a><\/strong><\/p>\n<p><strong>14 Uhr &amp; 16 Uhr @ Werkloft: TATU-TEATRO ,<\/strong>Maricruz Diaz und Gabriel Valente,\u00a0pr\u00e4sentieren Musiktheater aus Montevideo, Uruguay.\u00a0Ein s\u00fcdamerikanisches St\u00fcck voller archetypischem Zauber und uruguayischem \u00dcberschwang.\u00a0&#8220;!pare don!&#8221;\u00a0erz\u00e4hlt die Entstehungsgeschichte des Tango (ca. 30 Minuten).\u00a0auf Spanisch &#8212; jedoch keine Kenntnisse erforderlich&#8230;.Musik kennt keine Sprachbarrieren.<\/p>\n<p><strong><img loading=\"lazy\" decoding=\"async\" class=\"alignleft wp-image-1139\" src=\"http:\/\/www.emergentberlinfest.de\/wp-content\/uploads\/2015\/07\/selfportrait_LAjhi.jpg\" alt=\"selfportrait_LAjhi\" width=\"143\" height=\"213\" \/>4.45pm @ Werkloft<\/strong>:\u00a0<strong>Agi Lovasz (<a href=\"http:\/\/www.lajhi.blogspot.de\" target=\"_blank\">Lajhi blog<\/a>)<\/strong>\u00a0&#8211; <span class=\"Apple-style-span\">ich stelle einen meiner Texte vor, einen Antifa Text \u00fcber Freiheit und Grenzen zwischen Leuten. Yeah z.B. \u00fcber die 4Meter hoche Grenzz\u00e4une gegen Fl\u00fcchtlinge in Ungarn woher ich komme. Die Hintergrundmusik (Instrumental TRAP-RAP &#8220;Cosmos&#8221; by\u00a0\u00a0ProdMaker ) hat Prodmaker geschrieben. Das Lied dauert insgesamt 2Minuten&#8230; kurz und stark!<\/span><\/p>\n<div><span style=\"color: #99cc00;\"><strong>+ djs (<a style=\"color: #99cc00;\" href=\"https:\/\/soundcloud.com\/uius\/wnyt-uius-for-bolt1_23_4_14\" target=\"_blank\">WynT<\/a>\u00a0&amp; <a style=\"color: #99cc00;\" href=\"https:\/\/soundcloud.com\/bass-gang\/intromix-1-minoto\" target=\"_blank\">Minoto<\/a>) &#8211; 11 &#8211; 14Uhr @ Art Loft Berlin<\/strong><\/span><\/div>\n<h3><\/h3>\n<\/div>\n<p>[:en]<\/p>\n<div>\n<h3><span class=\"Apple-style-span\" style=\"font-size: 17px; font-weight: normal;\"><img loading=\"lazy\" decoding=\"async\" class=\" size-thumbnail wp-image-844 alignleft\" src=\"http:\/\/www.emergentberlinfest.de\/wp-content\/uploads\/2015\/07\/noname-150x150.jpeg\" alt=\"noname\" width=\"150\" height=\"150\" srcset=\"https:\/\/www.emergentberlinfest.de\/wp-content\/uploads\/2015\/07\/noname-150x150.jpeg 150w, https:\/\/www.emergentberlinfest.de\/wp-content\/uploads\/2015\/07\/noname-300x300.jpeg 300w, https:\/\/www.emergentberlinfest.de\/wp-content\/uploads\/2015\/07\/noname.jpeg 400w\" sizes=\"auto, (max-width: 150px) 100vw, 150px\" \/><\/span><\/h3>\n<p><strong>14 Uhr @ art loft berlin: Peter Ehwald Trio\u00a0<\/strong>Der Berliner\u00a0<span class=\"Apple-style-span\">Jazz-Saxofonist und Komponist Peter Ehwald und sein Trio kreieren aus den sonst getrennten Welten der Jazz- und klassischen und der\u00a0zeitgen\u00f6ssischen Musik Klangwelten und ziehen Zuh\u00f6rer in ihren Bann&#8230;\u00a0<\/span><\/p>\n<p><strong>15 Uhr @ Werkloft: Liederatin k\u00c4t\u00a0<\/strong>Zwischen Mauern, Asphalt und Alltagseffizienz kein Land in Sicht? Die Liederatin k\u00c4t wird von der Land- zur Stadtstreicherin und malt mit bunten T\u00f6nen Geschichten und Gitarrenmelodien an graue W\u00e4nde \u2013 gegen Systemzw\u00e4nge und f\u00fcr das Leben!<\/p>\n<p><strong><a href=\"http:\/\/www.emergentberlinfest.de\/wp-content\/uploads\/2015\/07\/FullSizeRender.jpg\"><img loading=\"lazy\" decoding=\"async\" class=\" size-thumbnail wp-image-928 alignleft\" src=\"http:\/\/www.emergentberlinfest.de\/wp-content\/uploads\/2015\/07\/FullSizeRender-150x150.jpg\" alt=\"FullSizeRender\" width=\"150\" height=\"150\" \/><\/a><\/strong><\/p>\n<p><strong>14 Uhr &amp; 16 Uhr @ Werkloft: TATU-TEATRO ,<\/strong>Maricruz Diaz und Gabriel Valente,\u00a0pr\u00e4sentieren Musiktheater aus Montevideo, Uruguay.\u00a0Ein s\u00fcdamerikanisches St\u00fcck voller archetypischem Zauber und uruguayischem \u00dcberschwang.\u00a0&#8220;!pare don!&#8221;\u00a0erz\u00e4hlt die Entstehungsgeschichte des Tango (ca. 30 Minuten).\u00a0auf Spanisch &#8212; jedoch keine Kenntnisse erforderlich&#8230;.Musik kennt keine Sprachbarrieren.<\/p>\n<p><strong><img loading=\"lazy\" decoding=\"async\" class=\"alignleft wp-image-1139\" src=\"http:\/\/www.emergentberlinfest.de\/wp-content\/uploads\/2015\/07\/selfportrait_LAjhi.jpg\" alt=\"selfportrait_LAjhi\" width=\"143\" height=\"213\" \/>4.45pm @ Werkloft<\/strong>:\u00a0<strong>Agi Lovasz (<a href=\"http:\/\/www.lajhi.blogspot.de\" target=\"_blank\">Lajhi blog<\/a>)<\/strong>\u00a0&#8211; <span class=\"Apple-style-span\">ich stelle einen meiner Texte vor, einen Antifa Text \u00fcber Freiheit und Grenzen zwischen Leuten. Yeah z.B. \u00fcber die 4Meter hoche Grenzz\u00e4une gegen Fl\u00fcchtlinge in Ungarn woher ich komme. Die Hintergrundmusik (Instrumental TRAP-RAP &#8220;Cosmos&#8221; by\u00a0\u00a0ProdMaker ) hat Prodmaker geschrieben. Das Lied dauert insgesamt 2Minuten&#8230; kurz und stark!<\/span><\/p>\n<div><span style=\"color: #99cc00;\">\u00a0<strong>+ djs (<a style=\"color: #99cc00;\" href=\"https:\/\/soundcloud.com\/uius\/wnyt-uius-for-bolt1_23_4_14\" target=\"_blank\">WynT<\/a>\u00a0&amp; <a style=\"color: #99cc00;\" href=\"https:\/\/soundcloud.com\/bass-gang\/intromix-1-minoto\" target=\"_blank\">Minoto<\/a>) &#8211; 11 &#8211; 14Uhr @ Art Loft Berlin<\/strong><\/span><\/div>\n<h3><\/h3>\n<\/div>\n<p>[:]<\/p>\n","protected":false},"excerpt":{"rendered":"<p>[:de] 14 Uhr @ art loft berlin: Peter Ehwald Trio\u00a0Der Berliner\u00a0Jazz-Saxofonist und Komponist Peter Ehwald und sein Trio kreieren aus den sonst getrennten Welten der Jazz- und klassischen und der\u00a0zeitgen\u00f6ssischen Musik Klangwelten und ziehen Zuh\u00f6rer in ihren Bann&#8230;\u00a0 15 Uhr @ Werkloft: Liederatin k\u00c4t\u00a0Zwischen Mauern, Asphalt und Alltagseffizienz kein Land in Sicht? Die Liederatin k\u00c4t &hellip; <a href=\"https:\/\/www.emergentberlinfest.de\/index.php\/musik-film-party\/\" class=\"more-link\">Continue reading <span class=\"screen-reader-text\">[:de]. . . Musik &#038; Theater  [:en]. . . Musik &#038; Theater  [:]<\/span><\/a><\/p>\n","protected":false},"author":1,"featured_media":0,"parent":0,"menu_order":0,"comment_status":"closed","ping_status":"open","template":"","meta":{"footnotes":""},"class_list":["post-329","page","type-page","status-publish","hentry"],"_links":{"self":[{"href":"https:\/\/www.emergentberlinfest.de\/index.php\/wp-json\/wp\/v2\/pages\/329","targetHints":{"allow":["GET"]}}],"collection":[{"href":"https:\/\/www.emergentberlinfest.de\/index.php\/wp-json\/wp\/v2\/pages"}],"about":[{"href":"https:\/\/www.emergentberlinfest.de\/index.php\/wp-json\/wp\/v2\/types\/page"}],"author":[{"embeddable":true,"href":"https:\/\/www.emergentberlinfest.de\/index.php\/wp-json\/wp\/v2\/users\/1"}],"replies":[{"embeddable":true,"href":"https:\/\/www.emergentberlinfest.de\/index.php\/wp-json\/wp\/v2\/comments?post=329"}],"version-history":[{"count":29,"href":"https:\/\/www.emergentberlinfest.de\/index.php\/wp-json\/wp\/v2\/pages\/329\/revisions"}],"predecessor-version":[{"id":1202,"href":"https:\/\/www.emergentberlinfest.de\/index.php\/wp-json\/wp\/v2\/pages\/329\/revisions\/1202"}],"wp:attachment":[{"href":"https:\/\/www.emergentberlinfest.de\/index.php\/wp-json\/wp\/v2\/media?parent=329"}],"curies":[{"name":"wp","href":"https:\/\/api.w.org\/{rel}","templated":true}]}}

<p>[:de]</p>
<div>
<h3><span class="Apple-style-span" style="font-size: 17px; font-weight: normal;"><img loading="lazy" decoding="async" class=" size-thumbnail wp-image-844 alignleft" src="http://www.emergentberlinfest.de/wp-content/uploads/2015/07/noname-150x150.jpeg" alt="noname" width="150" height="150" srcset="https://www.emergentberlinfest.de/wp-content/uploads/2015/07/noname-150x150.jpeg 150w, https://www.emergentberlinfest.de/wp-content/uploads/2015/07/noname-300x300.jpeg 300w, https://www.emergentberlinfest.de/wp-content/uploads/2015/07/noname.jpeg 400w" sizes="auto, (max-width: 150px) 100vw, 150px" /></span></h3>
<p><strong>14 Uhr @ art loft berlin: Peter Ehwald Trio </strong>Der Berliner <span class="Apple-style-span">Jazz-Saxofonist und Komponist Peter Ehwald und sein Trio kreieren aus den sonst getrennten Welten der Jazz- und klassischen und der zeitgenössischen Musik Klangwelten und ziehen Zuhörer in ihren Bann&#8230; </span></p>
<p><strong>15 Uhr @ Werkloft: Liederatin kÄt </strong>Zwischen Mauern, Asphalt und Alltagseffizienz kein Land in Sicht? Die Liederatin kÄt wird von der Land- zur Stadtstreicherin und malt mit bunten Tönen Geschichten und Gitarrenmelodien an graue Wände – gegen Systemzwänge und für das Leben!</p>
<p><strong><a href="http://www.emergentberlinfest.de/wp-content/uploads/2015/07/FullSizeRender.jpg"><img loading="lazy" decoding="async" class=" size-thumbnail wp-image-928 alignleft" src="http://www.emergentberlinfest.de/wp-content/uploads/2015/07/FullSizeRender-150x150.jpg" alt="FullSizeRender" width="150" height="150" /></a></strong></p>
<p><strong>14 Uhr &amp; 16 Uhr @ Werkloft: TATU-TEATRO ,</strong>Maricruz Diaz und Gabriel Valente, präsentieren Musiktheater aus Montevideo, Uruguay. Ein südamerikanisches Stück voller archetypischem Zauber und uruguayischem Überschwang. &#8220;!pare don!&#8221; erzählt die Entstehungsgeschichte des Tango (ca. 30 Minuten). auf Spanisch &#8212; jedoch keine Kenntnisse erforderlich&#8230;.Musik kennt keine Sprachbarrieren.</p>
<p><strong><img loading="lazy" decoding="async" class="alignleft wp-image-1139" src="http://www.emergentberlinfest.de/wp-content/uploads/2015/07/selfportrait_LAjhi.jpg" alt="selfportrait_LAjhi" width="143" height="213" />4.45pm @ Werkloft</strong>: <strong>Agi Lovasz (<a href="http://www.lajhi.blogspot.de" target="_blank">Lajhi blog</a>)</strong> &#8211; <span class="Apple-style-span">ich stelle einen meiner Texte vor, einen Antifa Text über Freiheit und Grenzen zwischen Leuten. Yeah z.B. über die 4Meter hoche Grenzzäune gegen Flüchtlinge in Ungarn woher ich komme. Die Hintergrundmusik (Instrumental TRAP-RAP &#8220;Cosmos&#8221; by  ProdMaker ) hat Prodmaker geschrieben. Das Lied dauert insgesamt 2Minuten&#8230; kurz und stark!</span></p>
<div><span style="color: #99cc00;"><strong>+ djs (<a style="color: #99cc00;" href="https://soundcloud.com/uius/wnyt-uius-for-bolt1_23_4_14" target="_blank">WynT</a> &amp; <a style="color: #99cc00;" href="https://soundcloud.com/bass-gang/intromix-1-minoto" target="_blank">Minoto</a>) &#8211; 11 &#8211; 14Uhr @ Art Loft Berlin</strong></span></div>
<h3></h3>
</div>
<p>[:en]</p>
<div>
<h3><span class="Apple-style-span" style="font-size: 17px; font-weight: normal;"><img loading="lazy" decoding="async" class=" size-thumbnail wp-image-844 alignleft" src="http://www.emergentberlinfest.de/wp-content/uploads/2015/07/noname-150x150.jpeg" alt="noname" width="150" height="150" srcset="https://www.emergentberlinfest.de/wp-content/uploads/2015/07/noname-150x150.jpeg 150w, https://www.emergentberlinfest.de/wp-content/uploads/2015/07/noname-300x300.jpeg 300w, https://www.emergentberlinfest.de/wp-content/uploads/2015/07/noname.jpeg 400w" sizes="auto, (max-width: 150px) 100vw, 150px" /></span></h3>
<p><strong>14 Uhr @ art loft berlin: Peter Ehwald Trio </strong>Der Berliner <span class="Apple-style-span">Jazz-Saxofonist und Komponist Peter Ehwald und sein Trio kreieren aus den sonst getrennten Welten der Jazz- und klassischen und der zeitgenössischen Musik Klangwelten und ziehen Zuhörer in ihren Bann&#8230; </span></p>
<p><strong>15 Uhr @ Werkloft: Liederatin kÄt </strong>Zwischen Mauern, Asphalt und Alltagseffizienz kein Land in Sicht? Die Liederatin kÄt wird von der Land- zur Stadtstreicherin und malt mit bunten Tönen Geschichten und Gitarrenmelodien an graue Wände – gegen Systemzwänge und für das Leben!</p>
<p><strong><a href="http://www.emergentberlinfest.de/wp-content/uploads/2015/07/FullSizeRender.jpg"><img loading="lazy" decoding="async" class=" size-thumbnail wp-image-928 alignleft" src="http://www.emergentberlinfest.de/wp-content/uploads/2015/07/FullSizeRender-150x150.jpg" alt="FullSizeRender" width="150" height="150" /></a></strong></p>
<p><strong>14 Uhr &amp; 16 Uhr @ Werkloft: TATU-TEATRO ,</strong>Maricruz Diaz und Gabriel Valente, präsentieren Musiktheater aus Montevideo, Uruguay. Ein südamerikanisches Stück voller archetypischem Zauber und uruguayischem Überschwang. &#8220;!pare don!&#8221; erzählt die Entstehungsgeschichte des Tango (ca. 30 Minuten). auf Spanisch &#8212; jedoch keine Kenntnisse erforderlich&#8230;.Musik kennt keine Sprachbarrieren.</p>
<p><strong><img loading="lazy" decoding="async" class="alignleft wp-image-1139" src="http://www.emergentberlinfest.de/wp-content/uploads/2015/07/selfportrait_LAjhi.jpg" alt="selfportrait_LAjhi" width="143" height="213" />4.45pm @ Werkloft</strong>: <strong>Agi Lovasz (<a href="http://www.lajhi.blogspot.de" target="_blank">Lajhi blog</a>)</strong> &#8211; <span class="Apple-style-span">ich stelle einen meiner Texte vor, einen Antifa Text über Freiheit und Grenzen zwischen Leuten. Yeah z.B. über die 4Meter hoche Grenzzäune gegen Flüchtlinge in Ungarn woher ich komme. Die Hintergrundmusik (Instrumental TRAP-RAP &#8220;Cosmos&#8221; by  ProdMaker ) hat Prodmaker geschrieben. Das Lied dauert insgesamt 2Minuten&#8230; kurz und stark!</span></p>
<div><span style="color: #99cc00;"> <strong>+ djs (<a style="color: #99cc00;" href="https://soundcloud.com/uius/wnyt-uius-for-bolt1_23_4_14" target="_blank">WynT</a> &amp; <a style="color: #99cc00;" href="https://soundcloud.com/bass-gang/intromix-1-minoto" target="_blank">Minoto</a>) &#8211; 11 &#8211; 14Uhr @ Art Loft Berlin</strong></span></div>
<h3></h3>
</div>
<p>[:]</p>

<p>[:de] 14 Uhr @ art loft berlin: Peter Ehwald Trio Der Berliner Jazz-Saxofonist und Komponist Peter Ehwald und sein Trio kreieren aus den sonst getrennten Welten der Jazz- und klassischen und der zeitgenössischen Musik Klangwelten und ziehen Zuhörer in ihren Bann&#8230;  15 Uhr @ Werkloft: Liederatin kÄt Zwischen Mauern, Asphalt und Alltagseffizienz kein Land in Sicht? Die Liederatin kÄt &hellip; <a href="https://www.emergentberlinfest.de/index.php/musik-film-party/" class="more-link">Continue reading <span class="screen-reader-text">[:de]. . . Musik &#038; Theater  [:en]. . . Musik &#038; Theater  [:]</span></a></p>
