{"id":331,"date":"2015-07-14T20:01:36","date_gmt":"2015-07-14T18:01:36","guid":{"rendered":"http:\/\/www.emergentberlin.de\/?page_id=331"},"modified":"2015-08-21T11:14:28","modified_gmt":"2015-08-21T09:14:28","slug":"english-food-rescue-cooking-sharing","status":"publish","type":"page","link":"https:\/\/www.emergentberlinfest.de\/index.php\/english-food-rescue-cooking-sharing\/","title":{"rendered":"[:de]. . .  Essen retten, kochen, teilen[:en]. . .  Food rescue, cooking, sharing[:tr]. . .  Essen retten, kochen, teilen[:]"},"content":{"rendered":"<p>[:de]<a href=\"http:\/\/www.emergentberlinfest.de\/wp-content\/uploads\/2015\/07\/SpringCon-12.jpg\"><img loading=\"lazy\" decoding=\"async\" class=\" size-medium wp-image-414 alignleft\" src=\"http:\/\/www.emergentberlinfest.de\/wp-content\/uploads\/2015\/07\/SpringCon-12-300x200.jpg\" alt=\"SpringCon-12\" width=\"300\" height=\"200\" srcset=\"https:\/\/www.emergentberlinfest.de\/wp-content\/uploads\/2015\/07\/SpringCon-12-300x200.jpg 300w, https:\/\/www.emergentberlinfest.de\/wp-content\/uploads\/2015\/07\/SpringCon-12-1024x683.jpg 1024w, https:\/\/www.emergentberlinfest.de\/wp-content\/uploads\/2015\/07\/SpringCon-12.jpg 1536w\" sizes=\"auto, (max-width: 300px) 100vw, 300px\" \/><\/a>Komm und werde Teil unseres Teams. Rette Lebensmittel, koche und teile Essen w\u00e4hrend dem Festival!<\/p>\n<p>*Wenn ihr diesen Programmpunkt mit euren Ideen und Projekten mitgestalten wollt, meldet euch bei uns \u00fcber das Formular: <a href=\"http:\/\/www.emergentberlinfest.de\/index.php\/call-for-participation\/\">AUFRUF ZUR TEILNAHME<\/a>. Bei Fragen, Kommentaren und Teilnahmebest\u00e4tigungen schreibt uns per Email: <a href=\"mailto:emergent.berlin@gmail.com\" target=\"_blank\">emergent.berlin@gmail.com<\/a>[:en]<a href=\"http:\/\/www.emergentberlinfest.de\/wp-content\/uploads\/2015\/07\/SpringCon-12.jpg\"><img loading=\"lazy\" decoding=\"async\" class=\" size-medium wp-image-414 alignleft\" src=\"http:\/\/www.emergentberlinfest.de\/wp-content\/uploads\/2015\/07\/SpringCon-12-300x200.jpg\" alt=\"SpringCon-12\" width=\"300\" height=\"200\" srcset=\"https:\/\/www.emergentberlinfest.de\/wp-content\/uploads\/2015\/07\/SpringCon-12-300x200.jpg 300w, https:\/\/www.emergentberlinfest.de\/wp-content\/uploads\/2015\/07\/SpringCon-12-1024x683.jpg 1024w, https:\/\/www.emergentberlinfest.de\/wp-content\/uploads\/2015\/07\/SpringCon-12.jpg 1536w\" sizes=\"auto, (max-width: 300px) 100vw, 300px\" \/><\/a>Join our team of people who will rescue, cook and share food during the festival!<\/p>\n<p><span style=\"font-family: 'Noto Serif',serif;\">* If you want to<\/span><span style=\"font-family: 'Noto Serif',serif;\"><span style=\"font-size: large;\"> participate, please fill out the info on our \u2018<a href=\"http:\/\/www.emergentberlinfest.de\/index.php\/call-for-participation\/?lang=en\">Call for Participation<\/a>\u2018 page.\u00a0 Contact us at <a href=\"mailto:emergent.berlin@gmail.com\">emergent.berlin@gmail.com<\/a> with questions, comments and confirmation of your participation.<\/span><\/span>[:tr]<a href=\"http:\/\/www.emergentberlinfest.de\/wp-content\/uploads\/2015\/07\/SpringCon-12.jpg\"><img loading=\"lazy\" decoding=\"async\" class=\" size-medium wp-image-414 alignleft\" src=\"http:\/\/www.emergentberlinfest.de\/wp-content\/uploads\/2015\/07\/SpringCon-12-300x200.jpg\" alt=\"SpringCon-12\" width=\"300\" height=\"200\" srcset=\"https:\/\/www.emergentberlinfest.de\/wp-content\/uploads\/2015\/07\/SpringCon-12-300x200.jpg 300w, https:\/\/www.emergentberlinfest.de\/wp-content\/uploads\/2015\/07\/SpringCon-12-1024x683.jpg 1024w, https:\/\/www.emergentberlinfest.de\/wp-content\/uploads\/2015\/07\/SpringCon-12.jpg 1536w\" sizes=\"auto, (max-width: 300px) 100vw, 300px\" \/><\/a>Festival s\u00fcresince yiyecekleri kurtaran, pi\u015firen ve payla\u015fan ekibimize kat\u0131l\u0131n!<\/p>\n<p>* Kat\u0131lmak istiyorsan\u0131z l\u00fctfen \u2018<a href=\"http:\/\/www.emergentberlinfest.de\/index.php\/call-for-participation\/?lang=tr\">Kat\u0131l\u0131m \u00c7a\u011fr\u0131s\u0131<\/a>\u2019 sayfam\u0131zdaki formu doldurunuz. Sorular\u0131n\u0131z,\u00a0yorumlar\u0131n\u0131z ve kat\u0131l\u0131m onay\u0131n\u0131z i\u00e7in l\u00fctfen emergent.berlin@gmail.com ile ileti\u015fime ge\u00e7iniz.[:]<\/p>\n","protected":false},"excerpt":{"rendered":"<p>[:de]Komm und werde Teil unseres Teams. Rette Lebensmittel, koche und teile Essen w\u00e4hrend dem Festival! *Wenn ihr diesen Programmpunkt mit euren Ideen und Projekten mitgestalten wollt, meldet euch bei uns \u00fcber das Formular: AUFRUF ZUR TEILNAHME. Bei Fragen, Kommentaren und Teilnahmebest\u00e4tigungen schreibt uns per Email: emergent.berlin@gmail.com[:en]Join our team of people who will rescue, cook and &hellip; <a href=\"https:\/\/www.emergentberlinfest.de\/index.php\/english-food-rescue-cooking-sharing\/\" class=\"more-link\">Continue reading <span class=\"screen-reader-text\">[:de]. . .  Essen retten, kochen, teilen[:en]. . .  Food rescue, cooking, sharing[:tr]. . .  Essen retten, kochen, teilen[:]<\/span><\/a><\/p>\n","protected":false},"author":1,"featured_media":0,"parent":0,"menu_order":0,"comment_status":"open","ping_status":"open","template":"","meta":{"footnotes":""},"class_list":["post-331","page","type-page","status-publish","hentry"],"_links":{"self":[{"href":"https:\/\/www.emergentberlinfest.de\/index.php\/wp-json\/wp\/v2\/pages\/331","targetHints":{"allow":["GET"]}}],"collection":[{"href":"https:\/\/www.emergentberlinfest.de\/index.php\/wp-json\/wp\/v2\/pages"}],"about":[{"href":"https:\/\/www.emergentberlinfest.de\/index.php\/wp-json\/wp\/v2\/types\/page"}],"author":[{"embeddable":true,"href":"https:\/\/www.emergentberlinfest.de\/index.php\/wp-json\/wp\/v2\/users\/1"}],"replies":[{"embeddable":true,"href":"https:\/\/www.emergentberlinfest.de\/index.php\/wp-json\/wp\/v2\/comments?post=331"}],"version-history":[{"count":11,"href":"https:\/\/www.emergentberlinfest.de\/index.php\/wp-json\/wp\/v2\/pages\/331\/revisions"}],"predecessor-version":[{"id":734,"href":"https:\/\/www.emergentberlinfest.de\/index.php\/wp-json\/wp\/v2\/pages\/331\/revisions\/734"}],"wp:attachment":[{"href":"https:\/\/www.emergentberlinfest.de\/index.php\/wp-json\/wp\/v2\/media?parent=331"}],"curies":[{"name":"wp","href":"https:\/\/api.w.org\/{rel}","templated":true}]}}

<p>[:de]<a href="http://www.emergentberlinfest.de/wp-content/uploads/2015/07/SpringCon-12.jpg"><img loading="lazy" decoding="async" class=" size-medium wp-image-414 alignleft" src="http://www.emergentberlinfest.de/wp-content/uploads/2015/07/SpringCon-12-300x200.jpg" alt="SpringCon-12" width="300" height="200" srcset="https://www.emergentberlinfest.de/wp-content/uploads/2015/07/SpringCon-12-300x200.jpg 300w, https://www.emergentberlinfest.de/wp-content/uploads/2015/07/SpringCon-12-1024x683.jpg 1024w, https://www.emergentberlinfest.de/wp-content/uploads/2015/07/SpringCon-12.jpg 1536w" sizes="auto, (max-width: 300px) 100vw, 300px" /></a>Komm und werde Teil unseres Teams. Rette Lebensmittel, koche und teile Essen während dem Festival!</p>
<p>*Wenn ihr diesen Programmpunkt mit euren Ideen und Projekten mitgestalten wollt, meldet euch bei uns über das Formular: <a href="http://www.emergentberlinfest.de/index.php/call-for-participation/">AUFRUF ZUR TEILNAHME</a>. Bei Fragen, Kommentaren und Teilnahmebestätigungen schreibt uns per Email: <a href="mailto:emergent.berlin@gmail.com" target="_blank">emergent.berlin@gmail.com</a>[:en]<a href="http://www.emergentberlinfest.de/wp-content/uploads/2015/07/SpringCon-12.jpg"><img loading="lazy" decoding="async" class=" size-medium wp-image-414 alignleft" src="http://www.emergentberlinfest.de/wp-content/uploads/2015/07/SpringCon-12-300x200.jpg" alt="SpringCon-12" width="300" height="200" srcset="https://www.emergentberlinfest.de/wp-content/uploads/2015/07/SpringCon-12-300x200.jpg 300w, https://www.emergentberlinfest.de/wp-content/uploads/2015/07/SpringCon-12-1024x683.jpg 1024w, https://www.emergentberlinfest.de/wp-content/uploads/2015/07/SpringCon-12.jpg 1536w" sizes="auto, (max-width: 300px) 100vw, 300px" /></a>Join our team of people who will rescue, cook and share food during the festival!</p>
<p><span style="font-family: 'Noto Serif',serif;">* If you want to</span><span style="font-family: 'Noto Serif',serif;"><span style="font-size: large;"> participate, please fill out the info on our ‘<a href="http://www.emergentberlinfest.de/index.php/call-for-participation/?lang=en">Call for Participation</a>‘ page.  Contact us at <a href="mailto:emergent.berlin@gmail.com">emergent.berlin@gmail.com</a> with questions, comments and confirmation of your participation.</span></span>[:tr]<a href="http://www.emergentberlinfest.de/wp-content/uploads/2015/07/SpringCon-12.jpg"><img loading="lazy" decoding="async" class=" size-medium wp-image-414 alignleft" src="http://www.emergentberlinfest.de/wp-content/uploads/2015/07/SpringCon-12-300x200.jpg" alt="SpringCon-12" width="300" height="200" srcset="https://www.emergentberlinfest.de/wp-content/uploads/2015/07/SpringCon-12-300x200.jpg 300w, https://www.emergentberlinfest.de/wp-content/uploads/2015/07/SpringCon-12-1024x683.jpg 1024w, https://www.emergentberlinfest.de/wp-content/uploads/2015/07/SpringCon-12.jpg 1536w" sizes="auto, (max-width: 300px) 100vw, 300px" /></a>Festival süresince yiyecekleri kurtaran, pişiren ve paylaşan ekibimize katılın!</p>
<p>* Katılmak istiyorsanız lütfen ‘<a href="http://www.emergentberlinfest.de/index.php/call-for-participation/?lang=tr">Katılım Çağrısı</a>’ sayfamızdaki formu doldurunuz. Sorularınız, yorumlarınız ve katılım onayınız için lütfen emergent.berlin@gmail.com ile iletişime geçiniz.[:]</p>

<p>[:de]Komm und werde Teil unseres Teams. Rette Lebensmittel, koche und teile Essen während dem Festival! *Wenn ihr diesen Programmpunkt mit euren Ideen und Projekten mitgestalten wollt, meldet euch bei uns über das Formular: AUFRUF ZUR TEILNAHME. Bei Fragen, Kommentaren und Teilnahmebestätigungen schreibt uns per Email: emergent.berlin@gmail.com[:en]Join our team of people who will rescue, cook and &hellip; <a href="https://www.emergentberlinfest.de/index.php/english-food-rescue-cooking-sharing/" class="more-link">Continue reading <span class="screen-reader-text">[:de]. . .  Essen retten, kochen, teilen[:en]. . .  Food rescue, cooking, sharing[:tr]. . .  Essen retten, kochen, teilen[:]</span></a></p>
