{"id":915,"date":"2015-09-01T11:33:48","date_gmt":"2015-09-01T09:33:48","guid":{"rendered":"http:\/\/www.emergentberlin.de\/?page_id=915"},"modified":"2015-09-10T12:29:05","modified_gmt":"2015-09-10T10:29:05","slug":"schnibbeldisko-mahlzeit-fur-gutes-essen","status":"publish","type":"page","link":"https:\/\/www.emergentberlinfest.de\/index.php\/schnibbeldisko-mahlzeit-fur-gutes-essen\/","title":{"rendered":"[:de]. . . Schnippeldisko \u201eMahlZeit f\u00fcr gutes Essen\u201c[:en]. . . Preparing and Sharing Food &#8211; for a sustainable local agriculture[:]"},"content":{"rendered":"<p>[:de]Dieses Jahr zum ersten Mal mit dabei: eine Schnippeldisko*! Kommt vorbei, macht\u00a0mit,\u00a0gegen Lebensmittelverschwendung und f\u00fcr eine b\u00e4uerliche-\u00f6kologische Landwirtschaft.<\/p>\n<p><strong>Ab 11 Uhr\u00a0geht es los &#8211; macht\u00a0mit beim\u00a0Schnippeln, Schruppen\u00a0und Kochen!<\/strong>\u00a0Und zwar enorme Mengen von zweibeinigen M\u00f6hren und sonstigem Gem\u00fcse, das<span class=\"Apple-style-span\">\u00a0aufgrund kleinster Knubbel, Flecken oder Verwachsungen\u00a0<\/span>sonst weggeworfen w\u00fcrde&#8230; Dazu gute Gespr\u00e4che, sch\u00f6ne Musik und ab 14 Uhr spielt sogar ein Jazz Trio f\u00fcr uns. <strong>Von\u00a017 Uhr bis 19 Uhr gibt es dann gutes Essen f\u00fcr Alle! \u00a0djs (<a href=\"https:\/\/soundcloud.com\/uius\/wnyt-uius-for-bolt1_23_4_14\" target=\"_blank\">WynT<\/a>\u00a0&amp; <a href=\"https:\/\/soundcloud.com\/bass-gang\/intromix-1-minoto\" target=\"_blank\">Minoto<\/a>) und\u00a0<a href=\"http:\/\/www.peter-ehwald.net\/biography_en\" target=\"_blank\">Peter Ehwald Jazz Trio<\/a><\/strong><br \/>\n<img loading=\"lazy\" decoding=\"async\" class=\" size-full wp-image-954 alignleft\" src=\"http:\/\/www.emergentberlinfest.de\/wp-content\/uploads\/2015\/09\/csm_logo_5d7a34f09a.jpg\" alt=\"csm_logo_5d7a34f09a\" width=\"190\" height=\"182\" \/>\u00a0Die Schnippeldisko auf dem Festival ist<strong> eine <a href=\"http:\/\/www.wir-haben-es-satt.de\/start\/mahlzeit\/worum-gehts\/\" target=\"_blank\">&#8220;Ma<i>h<\/i>lZeit f\u00fcr gutes Essen \u2013 ohne TTIP, Gentechnik und Tierfabriken&#8221;<\/a><\/strong> in Kooperation mit dem B\u00fcndnis f\u00fcr eine Agrarwende &#8216;Meine Landwirtschaft&#8217;. Vom 11. bis 13. September treffen sich an vielen Orten Menschen f\u00fcr gemeinsame Mahlzeiten, malen ihre Forderungen oder W\u00fcnsche f\u00fcr<span class=\"Apple-style-span\">\u00a0eine zukunftsf\u00e4hige Landwirtschaft auf und<\/span>\u00a0machen auf die Demo gegen TTIP am 10. Oktober 2015 und auf die sechste \u201eWir haben es satt!\u201c-Demo am 16. Januar 2016 aufmerksam. *Schnippeldiskos wurden erfunden von der &#8220;Slow Food&#8221; Bewegung&#8230;<\/p>\n<p><strong>Mitveranstalter:<\/strong><br \/>\n<a href=\"http:\/\/www.wir-haben-es-satt.de\" target=\"_blank\"><strong>www.wir-haben-es-satt.de<\/strong><\/a><\/p>\n<p><strong>Unterst\u00fctzer<\/strong>:<br \/>\n<span class=\"Apple-style-span\"><a href=\"http:\/\/www.facebook.com\/TRJFPBerlin\" target=\"_blank\"><img loading=\"lazy\" decoding=\"async\" class=\"alignleft  wp-image-1154\" src=\"http:\/\/www.emergentberlinfest.de\/wp-content\/uploads\/2015\/09\/BANNER-final.jpg\" alt=\"BANNER final\" width=\"650\" height=\"260\" \/>Real Junk Food Project Berlin<\/a><\/span><\/p>\n<div><\/div>\n<div><\/div>\n<p>[:en]This year we&#8217;ll have the first time on the festival a big community dinner. Come join us for preparing the meal!<\/p>\n<p><strong>Join us starting at 11am! Together, we&#8217;ll cut enourmous amount vegetables<\/strong> &#8211; like two-legged carrots and other vegetables that didn&#8217;t pass the ridiciolous standards for vegetables shapes that are permitted in\u00a0supermarkets&#8230; It&#8217;ll be fun, good talks, healthy food, good music and at 2pm there will be even djs (<a href=\"https:\/\/soundcloud.com\/uius\/wnyt-uius-for-bolt1_23_4_14\" target=\"_blank\">WynT<\/a>\u00a0&amp; <a href=\"https:\/\/soundcloud.com\/bass-gang\/intromix-1-minoto\" target=\"_blank\">Minoto<\/a>) and the <a href=\"http:\/\/www.peter-ehwald.net\/biography_en\" target=\"_blank\">Peter Ehwald Jazz Trio<\/a> will be\u00a0playing for us. <strong>From 5pm to 7pm there will be a\u00a0good meal for everyone!<\/strong><br \/>\n<img loading=\"lazy\" decoding=\"async\" class=\" size-full wp-image-954 alignleft\" src=\"http:\/\/www.emergentberlinfest.de\/wp-content\/uploads\/2015\/09\/csm_logo_5d7a34f09a.jpg\" alt=\"csm_logo_5d7a34f09a\" width=\"190\" height=\"182\" \/>I&#8217;s an event in cooperation with &#8216;Meine Landwirtschaft&#8217;, an intitiative for a transformation in agriculture:<strong><a href=\"http:\/\/www.wir-haben-es-satt.de\/start\/mahlzeit\/worum-gehts\/\" target=\"_blank\">&#8220;Ma<i>h<\/i>lZeit f\u00fcr gutes Essen \u2013 ohne TTIP, Gentechnik und Tierfabriken&#8221;<\/a><\/strong><\/p>\n<p><strong>In cooperation with:<\/strong><br \/>\n<strong><a href=\"http:\/\/www.wir-haben-es-satt.de\" target=\"_blank\">www.wir-haben-es-satt.de<\/a><\/strong><\/p>\n<div>\u00a0<strong>Unterst\u00fctzer<\/strong>:\u00a0<a href=\"http:\/\/www.facebook.com\/TRJFPBerlin\" target=\"_blank\">Real Junk Food Project Berlin<\/a><span class=\"Apple-style-span\"><a href=\"http:\/\/www.facebook.com\/TRJFPBerlin\" target=\"_blank\"><img loading=\"lazy\" decoding=\"async\" class=\"alignleft  wp-image-1154\" src=\"http:\/\/www.emergentberlinfest.de\/wp-content\/uploads\/2015\/09\/BANNER-final.jpg\" alt=\"BANNER final\" width=\"650\" height=\"260\" \/><br \/>\n<\/a><\/span><\/div>\n<p>[:]<\/p>\n","protected":false},"excerpt":{"rendered":"<p>[:de]Dieses Jahr zum ersten Mal mit dabei: eine Schnippeldisko*! Kommt vorbei, macht\u00a0mit,\u00a0gegen Lebensmittelverschwendung und f\u00fcr eine b\u00e4uerliche-\u00f6kologische Landwirtschaft. Ab 11 Uhr\u00a0geht es los &#8211; macht\u00a0mit beim\u00a0Schnippeln, Schruppen\u00a0und Kochen!\u00a0Und zwar enorme Mengen von zweibeinigen M\u00f6hren und sonstigem Gem\u00fcse, das\u00a0aufgrund kleinster Knubbel, Flecken oder Verwachsungen\u00a0sonst weggeworfen w\u00fcrde&#8230; Dazu gute Gespr\u00e4che, sch\u00f6ne Musik und ab 14 Uhr spielt &hellip; <a href=\"https:\/\/www.emergentberlinfest.de\/index.php\/schnibbeldisko-mahlzeit-fur-gutes-essen\/\" class=\"more-link\">Continue reading <span class=\"screen-reader-text\">[:de]. . . Schnippeldisko \u201eMahlZeit f\u00fcr gutes Essen\u201c[:en]. . . Preparing and Sharing Food &#8211; for a sustainable local agriculture[:]<\/span><\/a><\/p>\n","protected":false},"author":1,"featured_media":0,"parent":0,"menu_order":0,"comment_status":"closed","ping_status":"open","template":"","meta":{"footnotes":""},"class_list":["post-915","page","type-page","status-publish","hentry"],"_links":{"self":[{"href":"https:\/\/www.emergentberlinfest.de\/index.php\/wp-json\/wp\/v2\/pages\/915","targetHints":{"allow":["GET"]}}],"collection":[{"href":"https:\/\/www.emergentberlinfest.de\/index.php\/wp-json\/wp\/v2\/pages"}],"about":[{"href":"https:\/\/www.emergentberlinfest.de\/index.php\/wp-json\/wp\/v2\/types\/page"}],"author":[{"embeddable":true,"href":"https:\/\/www.emergentberlinfest.de\/index.php\/wp-json\/wp\/v2\/users\/1"}],"replies":[{"embeddable":true,"href":"https:\/\/www.emergentberlinfest.de\/index.php\/wp-json\/wp\/v2\/comments?post=915"}],"version-history":[{"count":12,"href":"https:\/\/www.emergentberlinfest.de\/index.php\/wp-json\/wp\/v2\/pages\/915\/revisions"}],"predecessor-version":[{"id":1201,"href":"https:\/\/www.emergentberlinfest.de\/index.php\/wp-json\/wp\/v2\/pages\/915\/revisions\/1201"}],"wp:attachment":[{"href":"https:\/\/www.emergentberlinfest.de\/index.php\/wp-json\/wp\/v2\/media?parent=915"}],"curies":[{"name":"wp","href":"https:\/\/api.w.org\/{rel}","templated":true}]}}

[:de]. . . Schnippeldisko „MahlZeit für gutes Essen“[:en]. . . Preparing and Sharing Food &#8211; for a sustainable local agriculture[:]

<p>[:de]Dieses Jahr zum ersten Mal mit dabei: eine Schnippeldisko*! Kommt vorbei, macht mit, gegen Lebensmittelverschwendung und für eine bäuerliche-ökologische Landwirtschaft.</p>
<p><strong>Ab 11 Uhr geht es los &#8211; macht mit beim Schnippeln, Schruppen und Kochen!</strong> Und zwar enorme Mengen von zweibeinigen Möhren und sonstigem Gemüse, das<span class="Apple-style-span"> aufgrund kleinster Knubbel, Flecken oder Verwachsungen </span>sonst weggeworfen würde&#8230; Dazu gute Gespräche, schöne Musik und ab 14 Uhr spielt sogar ein Jazz Trio für uns. <strong>Von 17 Uhr bis 19 Uhr gibt es dann gutes Essen für Alle!  djs (<a href="https://soundcloud.com/uius/wnyt-uius-for-bolt1_23_4_14" target="_blank">WynT</a> &amp; <a href="https://soundcloud.com/bass-gang/intromix-1-minoto" target="_blank">Minoto</a>) und <a href="http://www.peter-ehwald.net/biography_en" target="_blank">Peter Ehwald Jazz Trio</a></strong><br />
<img loading="lazy" decoding="async" class=" size-full wp-image-954 alignleft" src="http://www.emergentberlinfest.de/wp-content/uploads/2015/09/csm_logo_5d7a34f09a.jpg" alt="csm_logo_5d7a34f09a" width="190" height="182" /> Die Schnippeldisko auf dem Festival ist<strong> eine <a href="http://www.wir-haben-es-satt.de/start/mahlzeit/worum-gehts/" target="_blank">&#8220;Ma<i>h</i>lZeit für gutes Essen – ohne TTIP, Gentechnik und Tierfabriken&#8221;</a></strong> in Kooperation mit dem Bündnis für eine Agrarwende &#8216;Meine Landwirtschaft&#8217;. Vom 11. bis 13. September treffen sich an vielen Orten Menschen für gemeinsame Mahlzeiten, malen ihre Forderungen oder Wünsche für<span class="Apple-style-span"> eine zukunftsfähige Landwirtschaft auf und</span> machen auf die Demo gegen TTIP am 10. Oktober 2015 und auf die sechste „Wir haben es satt!“-Demo am 16. Januar 2016 aufmerksam. *Schnippeldiskos wurden erfunden von der &#8220;Slow Food&#8221; Bewegung&#8230;</p>
<p><strong>Mitveranstalter:</strong><br />
<a href="http://www.wir-haben-es-satt.de" target="_blank"><strong>www.wir-haben-es-satt.de</strong></a></p>
<p><strong>Unterstützer</strong>:<br />
<span class="Apple-style-span"><a href="http://www.facebook.com/TRJFPBerlin" target="_blank"><img loading="lazy" decoding="async" class="alignleft  wp-image-1154" src="http://www.emergentberlinfest.de/wp-content/uploads/2015/09/BANNER-final.jpg" alt="BANNER final" width="650" height="260" />Real Junk Food Project Berlin</a></span></p>
<div></div>
<div></div>
<p>[:en]This year we&#8217;ll have the first time on the festival a big community dinner. Come join us for preparing the meal!</p>
<p><strong>Join us starting at 11am! Together, we&#8217;ll cut enourmous amount vegetables</strong> &#8211; like two-legged carrots and other vegetables that didn&#8217;t pass the ridiciolous standards for vegetables shapes that are permitted in supermarkets&#8230; It&#8217;ll be fun, good talks, healthy food, good music and at 2pm there will be even djs (<a href="https://soundcloud.com/uius/wnyt-uius-for-bolt1_23_4_14" target="_blank">WynT</a> &amp; <a href="https://soundcloud.com/bass-gang/intromix-1-minoto" target="_blank">Minoto</a>) and the <a href="http://www.peter-ehwald.net/biography_en" target="_blank">Peter Ehwald Jazz Trio</a> will be playing for us. <strong>From 5pm to 7pm there will be a good meal for everyone!</strong><br />
<img loading="lazy" decoding="async" class=" size-full wp-image-954 alignleft" src="http://www.emergentberlinfest.de/wp-content/uploads/2015/09/csm_logo_5d7a34f09a.jpg" alt="csm_logo_5d7a34f09a" width="190" height="182" />I&#8217;s an event in cooperation with &#8216;Meine Landwirtschaft&#8217;, an intitiative for a transformation in agriculture:<strong><a href="http://www.wir-haben-es-satt.de/start/mahlzeit/worum-gehts/" target="_blank">&#8220;Ma<i>h</i>lZeit für gutes Essen – ohne TTIP, Gentechnik und Tierfabriken&#8221;</a></strong></p>
<p><strong>In cooperation with:</strong><br />
<strong><a href="http://www.wir-haben-es-satt.de" target="_blank">www.wir-haben-es-satt.de</a></strong></p>
<div> <strong>Unterstützer</strong>: <a href="http://www.facebook.com/TRJFPBerlin" target="_blank">Real Junk Food Project Berlin</a><span class="Apple-style-span"><a href="http://www.facebook.com/TRJFPBerlin" target="_blank"><img loading="lazy" decoding="async" class="alignleft  wp-image-1154" src="http://www.emergentberlinfest.de/wp-content/uploads/2015/09/BANNER-final.jpg" alt="BANNER final" width="650" height="260" /><br />
</a></span></div>
<p>[:]</p>

<p>[:de]Dieses Jahr zum ersten Mal mit dabei: eine Schnippeldisko*! Kommt vorbei, macht mit, gegen Lebensmittelverschwendung und für eine bäuerliche-ökologische Landwirtschaft. Ab 11 Uhr geht es los &#8211; macht mit beim Schnippeln, Schruppen und Kochen! Und zwar enorme Mengen von zweibeinigen Möhren und sonstigem Gemüse, das aufgrund kleinster Knubbel, Flecken oder Verwachsungen sonst weggeworfen würde&#8230; Dazu gute Gespräche, schöne Musik und ab 14 Uhr spielt &hellip; <a href="https://www.emergentberlinfest.de/index.php/schnibbeldisko-mahlzeit-fur-gutes-essen/" class="more-link">Continue reading <span class="screen-reader-text">[:de]. . . Schnippeldisko „MahlZeit für gutes Essen“[:en]. . . Preparing and Sharing Food &#8211; for a sustainable local agriculture[:]</span></a></p>
